{"id":4880,"date":"2020-12-01T08:09:44","date_gmt":"2020-12-01T06:09:44","guid":{"rendered":"https:\/\/valvomo.tamk.fi\/?page_id=4880"},"modified":"2022-03-17T14:34:31","modified_gmt":"2022-03-17T12:34:31","slug":"vaikuttavuus","status":"publish","type":"page","link":"https:\/\/webpages.tuni.fi\/valvomo\/vaikuttavuus\/","title":{"rendered":"Vaikuttavuus"},"content":{"rendered":"<h1>Vaikuttavuus<\/h1>\n<div class=\"loops-wrapper tile-wrapper\"><div id=\"tile-5215\" class=\"tile-post small teal button post-5215 tile type-tile status-publish hentry tile-category-vaikuttavuus tile-category-valmistuneet has-post-title has-post-date has-post-category has-post-tag has-post-comment has-post-author\"><a title=\"Ty\u00f6tilanne valmistuessa (AVOP)*\" href=\"https:\/\/app.powerbi.com\/links\/5lxuTQ0E4r?ctid=fa6944af-cc7c-4cd8-9154-c01132798910&#038;pbi_source=linkShare&#038;bookmarkGuid=645c4bf1-fdf0-44f8-9384-46e6d99277aa\" target=\"_blank\"><figure class=\"button-icon\"><img loading=\"lazy\" decoding=\"async\" src=\"https:\/\/webpages.tuni.fi\/valvomo\/wp-content\/blogs.dir\/312\/files\/2020\/06\/39-70x70.png\" width=\"70\" height=\"70\" class=\" wp-image-4754\" title=\"39\" alt=\"Ty\u00f6tilanne valmistuessa (AVOP)*\" srcset=\"https:\/\/webpages.tuni.fi\/valvomo\/wp-content\/blogs.dir\/312\/files\/2020\/06\/39-70x70.png 70w, https:\/\/webpages.tuni.fi\/valvomo\/wp-content\/blogs.dir\/312\/files\/2020\/06\/39-150x150.png 150w\" sizes=\"auto, (max-width: 70px) 100vw, 70px\" \/><\/figure><span class=\"button-title\">Ty\u00f6tilanne valmistuessa (AVOP)*<\/span><\/a><\/div><!-- \/.tile 5215 --><div id=\"tile-5075\" class=\"tile-post small brown button post-5075 tile type-tile status-publish hentry tile-category-vaikuttavuus has-post-title has-post-date has-post-category has-post-tag has-post-comment has-post-author\"><a title=\"Kest\u00e4vyys ja vastuullisuus\" href=\"https:\/\/tuni.sharepoint.com\/sites\/TG-raportointitamk\/Jaetut%20asiakirjat\/Forms\/AllItems.aspx?csf=1&#038;e=cgyOng&#038;cid=c72903c6%2D5557%2D40f0%2Dab01%2D51f5a83dcbc3&#038;FolderCTID=0x01200094A5060BA01B2048AD3DF463BBDD48F2&#038;id=%2Fsites%2FTG%2Draportointitamk%2FJaetut%20asiakirjat%2FKest%C3%A4v%C3%A4%20kehitys&#038;viewid=e440b6f0%2D0586%2D44be%2Dbded%2D49799f05e47a\" target=\"_blank\"><figure class=\"button-icon\"><img decoding=\"async\" src=\"https:\/\/valvomo.tamk.fi\/files\/2017\/05\/BI_ikoni_kansainv\u00e4lisyys.png\" width=\"70\" alt=\"Kest\u00e4vyys ja vastuullisuus\" \/><\/figure><span class=\"button-title\">Kest\u00e4vyys ja vastuullisuus<\/span><\/a><\/div><!-- \/.tile 5075 --><div id=\"tile-5039\" class=\"tile-post small orange button post-5039 tile type-tile status-publish hentry tile-category-vaikuttavuus has-post-title has-post-date has-post-category has-post-tag has-post-comment has-post-author\"><a title=\"Yritt\u00e4jyys\" href=\"https:\/\/tuni.sharepoint.com\/:f:\/r\/sites\/TG-raportointitamk\/Jaetut%20asiakirjat\/Palautteet\/Yritystietoa?csf=1&#038;web=1&#038;e=ZWFbY5\" target=\"_blank\"><figure class=\"button-icon\"><img decoding=\"async\" src=\"https:\/\/valvomo.tamk.fi\/files\/2020\/06\/12.png\" width=\"70\" alt=\"Yritt\u00e4jyys\" \/><\/figure><span class=\"button-title\">Yritt\u00e4jyys<\/span><\/a><\/div><!-- \/.tile 5039 --><div id=\"tile-5038\" class=\"tile-post small lime button post-5038 tile type-tile status-publish hentry tile-category-vaikuttavuus has-post-title has-post-date has-post-category has-post-tag has-post-comment has-post-author\"><a title=\"Vaikuttavuustarinat\" href=\"https:\/\/blogs.tuni.fi\/tamkblogi\/category\/vaikuttavuus\/\" target=\"_blank\"><figure class=\"button-icon\"><img decoding=\"async\" src=\"https:\/\/valvomo.tamk.fi\/files\/2020\/06\/24.png\" width=\"80\" alt=\"Vaikuttavuustarinat\" \/><\/figure><span class=\"button-title\">Vaikuttavuustarinat<\/span><\/a><\/div><!-- \/.tile 5038 --><div id=\"tile-5037\" class=\"tile-post small purple button post-5037 tile type-tile status-publish hentry tile-category-vaikuttavuus tile-category-hspalaute has-post-title has-post-date has-post-category has-post-tag has-post-comment has-post-author\"><a title=\"Sidosryhm\u00e4palaute\" href=\"https:\/\/tuni.sharepoint.com\/sites\/TG-raportointitamk\/Jaetut%20asiakirjat\/Forms\/AllItems.aspx?csf=1&#038;e=cgyOng&#038;cid=c72903c6%2D5557%2D40f0%2Dab01%2D51f5a83dcbc3&#038;FolderCTID=0x01200094A5060BA01B2048AD3DF463BBDD48F2&#038;viewid=e440b6f0%2D0586%2D44be%2Dbded%2D49799f05e47a&#038;id=%2Fsites%2FTG%2Draportointitamk%2FJaetut%20asiakirjat%2FPalautteet%2FSidosryhm%C3%A4palaute\" target=\"_blank\"><figure class=\"button-icon\"><img decoding=\"async\" src=\"https:\/\/valvomo.tamk.fi\/files\/2020\/06\/35.png\" width=\"70\" alt=\"Sidosryhm\u00e4palaute\" \/><\/figure><span class=\"button-title\">Sidosryhm\u00e4palaute<\/span><\/a><\/div><!-- \/.tile 5037 --><div id=\"tile-4961\" class=\"tile-post small purple button post-4961 tile type-tile status-publish hentry tile-category-vaikuttavuus has-post-title has-post-date has-post-category has-post-tag has-post-comment has-post-author\"><a title=\"Median\u00e4kyvyys\" href=\"https:\/\/tuni.sharepoint.com\/sites\/TG-raportointitamk\/Jaetut%20asiakirjat\/Forms\/AllItems.aspx?csf=1&#038;e=cgyOng&#038;cid=26682ceb%2Ded6b%2D4b29%2Da9da%2D6e958ed55079&#038;FolderCTID=0x01200094A5060BA01B2048AD3DF463BBDD48F2&#038;viewid=e440b6f0%2D0586%2D44be%2Dbded%2D49799f05e47a&#038;id=%2Fsites%2FTG%2Draportointitamk%2FJaetut%20asiakirjat%2FPalautteet%2FMedian%C3%A4kyvyys\" target=\"_blank\"><figure class=\"button-icon\"><img decoding=\"async\" src=\"https:\/\/valvomo.tamk.fi\/files\/2017\/05\/Sharepoint_ikoni_palautteet.png\" width=\"50\" alt=\"Median\u00e4kyvyys\" \/><\/figure><span class=\"button-title\">Median\u00e4kyvyys<\/span><\/a><\/div><!-- \/.tile 4961 --><div id=\"tile-4716\" class=\"tile-post small green button post-4716 tile type-tile status-publish hentry tile-category-vaikuttavuus has-post-title has-post-date has-post-category has-post-tag has-post-comment has-post-author\"><a title=\"Imagotutkimus*\" href=\"https:\/\/tuni.sharepoint.com\/:f:\/r\/sites\/TG-raportointitamk\/Jaetut%20asiakirjat\/Palautteet\/Imagotutkimus?csf=1&#038;web=1&#038;e=W57XOd\" target=\"_blank\"><figure class=\"button-icon\"><img loading=\"lazy\" decoding=\"async\" src=\"https:\/\/webpages.tuni.fi\/valvomo\/wp-content\/blogs.dir\/312\/files\/2017\/05\/BI_ikoni_julkaisut-70x70.png\" width=\"70\" height=\"70\" class=\" wp-image-4486\" title=\"BI_ikoni_julkaisut\" alt=\"Imagotutkimus*\" \/><\/figure><span class=\"button-title\">Imagotutkimus*<\/span><\/a><\/div><!-- \/.tile 4716 --><div id=\"tile-4468\" class=\"tile-post small purple button post-4468 tile type-tile status-publish hentry tile-category-vaikuttavuus tile-category-valmistuneet has-post-title has-post-date has-post-category has-post-tag has-post-comment has-post-author\"><a title=\"Valmistuneet kategorioittain\" href=\"https:\/\/app.powerbi.com\/groups\/f9d85971-5442-47b4-b699-1b62d9b15ea5\/reports\/34e98e47-3694-42c6-bb29-134ed79ddba6\" target=\"_blank\"><figure class=\"button-icon\"><img decoding=\"async\" src=\"https:\/\/webpages.tuni.fi\/valvomo\/wp-content\/blogs.dir\/312\/files\/2017\/05\/BI-ikoni-1-50x55.png\" width=\"50\" class=\" wp-image-4476\" title=\"BI ikoni 1\" alt=\"Valmistuneet kategorioittain\" srcset=\"https:\/\/webpages.tuni.fi\/valvomo\/wp-content\/blogs.dir\/312\/files\/2017\/05\/BI-ikoni-1-50x55.png 50w, https:\/\/webpages.tuni.fi\/valvomo\/wp-content\/blogs.dir\/312\/files\/2017\/05\/BI-ikoni-1.png 70w, https:\/\/webpages.tuni.fi\/valvomo\/wp-content\/blogs.dir\/312\/files\/2017\/05\/BI-ikoni-1-60x66.png 60w, https:\/\/webpages.tuni.fi\/valvomo\/wp-content\/blogs.dir\/312\/files\/2017\/05\/BI-ikoni-1-40x44.png 40w\" sizes=\"(max-width: 50px) 100vw, 50px\" \/><\/figure><span class=\"button-title\">Valmistuneet kategorioittain<\/span><\/a><\/div><!-- \/.tile 4468 --><div id=\"tile-4658\" class=\"tile-post small blue button post-4658 tile type-tile status-publish hentry tile-category-vaikuttavuus tile-category-palautteet tile-category-valmistuneet has-post-title has-post-date has-post-category has-post-tag has-post-comment has-post-author\"><a title=\"Uraseuranta (5v valmistumisesta)\" href=\"https:\/\/tuni.sharepoint.com\/sites\/TG-raportointitamk\/Jaetut%20asiakirjat\/Forms\/AllItems.aspx?newTargetListUrl=%2Fsites%2FTG%2Draportointitamk%2FJaetut%20asiakirjat&#038;viewpath=%2Fsites%2FTG%2Draportointitamk%2FJaetut%20asiakirjat%2FForms%2FAllItems%2Easpx&#038;viewid=e440b6f0%2D0586%2D44be%2Dbded%2D49799f05e47a&#038;id=%2Fsites%2FTG%2Draportointitamk%2FJaetut%20asiakirjat%2FPalautteet%2FUraseuranta\" target=\"_blank\"><figure class=\"button-icon\"><img decoding=\"async\" src=\"https:\/\/webpages.tuni.fi\/valvomo\/wp-content\/blogs.dir\/312\/files\/2017\/05\/Sharepoint_ikoni_palautteet-50x68.png\" width=\"50\" class=\" wp-image-4480\" title=\"Sharepoint_ikoni_palautteet\" alt=\"Uraseuranta (5v valmistumisesta)\" srcset=\"https:\/\/webpages.tuni.fi\/valvomo\/wp-content\/blogs.dir\/312\/files\/2017\/05\/Sharepoint_ikoni_palautteet-50x68.png 50w, https:\/\/webpages.tuni.fi\/valvomo\/wp-content\/blogs.dir\/312\/files\/2017\/05\/Sharepoint_ikoni_palautteet-70x95.png 70w, https:\/\/webpages.tuni.fi\/valvomo\/wp-content\/blogs.dir\/312\/files\/2017\/05\/Sharepoint_ikoni_palautteet.png 60w\" sizes=\"(max-width: 50px) 100vw, 50px\" \/><\/figure><span class=\"button-title\">Uraseuranta (5v valmistumisesta)<\/span><\/a><\/div><!-- \/.tile 4658 --><div id=\"tile-4344\" class=\"tile-post small pink button post-4344 tile type-tile status-publish hentry tile-category-tki tile-category-vaikuttavuus tile-category-julkaisut has-post-title has-post-date has-post-category has-post-tag has-post-comment has-post-author\"><a title=\"Julkaisut\" href=\"https:\/\/tuni.sharepoint.com\/sites\/TG-raportointitamk\/Jaetut%20asiakirjat\/Forms\/AllItems.aspx?csf=1&#038;e=r3mpw8&#038;cid=5c280c8d%2Ddce0%2D48db%2D93ed%2D0767f50267dc&#038;FolderCTID=0x01200094A5060BA01B2048AD3DF463BBDD48F2&#038;viewid=e440b6f0%2D0586%2D44be%2Dbded%2D49799f05e47a&#038;id=%2Fsites%2FTG%2Draportointitamk%2FJaetut%20asiakirjat%2FJulkaisut\" target=\"_blank\"><figure class=\"button-icon\"><img decoding=\"async\" src=\"https:\/\/webpages.tuni.fi\/valvomo\/wp-content\/blogs.dir\/312\/files\/2020\/06\/40-50x81.png\" width=\"50\" class=\" wp-image-4753\" title=\"40\" alt=\"Julkaisut\" srcset=\"https:\/\/webpages.tuni.fi\/valvomo\/wp-content\/blogs.dir\/312\/files\/2020\/06\/40-50x81.png 50w, https:\/\/webpages.tuni.fi\/valvomo\/wp-content\/blogs.dir\/312\/files\/2020\/06\/40-185x300.png 185w, https:\/\/webpages.tuni.fi\/valvomo\/wp-content\/blogs.dir\/312\/files\/2020\/06\/40.png 369w\" sizes=\"(max-width: 50px) 100vw, 50px\" \/><\/figure><span class=\"button-title\">Julkaisut<\/span><\/a><\/div><!-- \/.tile 4344 --><\/div><!-- .tile-wrapper -->\n<p>T\u00e4hdell\u00e4 * merkityiss\u00e4 raporteissa rajattu p\u00e4\u00e4sy ty\u00f6teht\u00e4v\u00e4n mukaan tai p\u00e4\u00e4sy vain henkil\u00f6kuntaverkosta (et\u00e4yhteydell\u00e4 k\u00e4yt\u00e4 VPN-toimintoa).<\/p>\n<p><a href=\"https:\/\/tuni.sharepoint.com\/:w:\/r\/sites\/TG-raportointitamk\/_layouts\/15\/Doc.aspx?sourcedoc=%7B6636AAE1-00FE-4C1B-BC82-00557E4778C4%7D&amp;file=Valvomon%20raporttien%20kuvaukset.docx&amp;action=default&amp;mobileredirect=true\">Tarkemmat kuvaukset Valvomon raporttien sis\u00e4ll\u00f6st\u00e4, k\u00e4ytt\u00f6oikeuksista, tietojen p\u00e4ivityssyklist\u00e4 sek\u00e4 yll\u00e4pit\u00e4j\u00e4st\u00e4<\/a>.<\/p>\n<p>&nbsp;<\/p>\n<h3><strong>Lis\u00e4tietoa julkaisuista<\/strong><\/h3>\n<p>Juuli-julkaisutietoportaali sis\u00e4lt\u00e4\u00e4 tietoja suomalaisten tutkimusorganisaatioiden julkaisuista.<\/p>\n<p>Jos olet julkaissut jotain kolmen vuoden sis\u00e4ll\u00e4, kannattaa sinun sy\u00f6tt\u00e4\u00e4 julkaisusi tiedot <a href=\"https:\/\/justus.csc.fi\/\">JUSTUS-tietokantaan<\/a>. Sy\u00f6tetyt tiedot tarkistetaan ja korjataan TAMKin puolesta, joten tietojen tarkkuutta t\u00e4rke\u00e4mp\u00e4\u00e4 on ett\u00e4 julkaisusi tulee rekister\u00f6idyksi.<\/p>\n<p>Juulista l\u00f6ytyv\u00e4t vain jo tarkistetut julkaisutiedot.<\/p>\n<p>TAMKin julkaisuapurahaohjeen l\u00f6yd\u00e4t <a href=\"https:\/\/content-webapi.tuni.fi\/proxy\/public\/2020-02\/intra_tamktukisaatio_julkaisuapurahaohje_112019.pdf\">t\u00e4\u00e4lt\u00e4<\/a>.<\/p>\n<p>P\u00e4\u00e4ttyneiden vuosien julkaisutiedonkeruun tietoja on katsottavissa <a href=\"https:\/\/vipunen.fi\/fi-fi\/amk\/Sivut\/Julkaisut.aspx\" target=\"_blank\" rel=\"noopener noreferrer\">Opetushallinnon tilastopalvelu Vipusesta.<\/a><\/p>\n<p>&nbsp;<\/p>\n<p><a href=\"https:\/\/valvomo.tamk.fi\/\">Tietosuojaselosteet l\u00f6ytyv\u00e4t Info-sivulta<\/a>.<\/p>\n<p>&nbsp;<\/p>\n<div id=\"themify_builder_content-4344\" data-postid=\"4344\" class=\"themify_builder_content themify_builder_content-4344 themify_builder themify_builder_front\">\n\n\t<\/div>\n<!-- \/themify_builder_content -->","protected":false},"excerpt":{"rendered":"<p>Vaikuttavuus T\u00e4hdell\u00e4 * merkityiss\u00e4 raporteissa rajattu p\u00e4\u00e4sy ty\u00f6teht\u00e4v\u00e4n mukaan tai p\u00e4\u00e4sy vain henkil\u00f6kuntaverkosta (et\u00e4yhteydell\u00e4 k\u00e4yt\u00e4 VPN-toimintoa). Tarkemmat kuvaukset Valvomon raporttien sis\u00e4ll\u00f6st\u00e4, k\u00e4ytt\u00f6oikeuksista, tietojen p\u00e4ivityssyklist\u00e4 sek\u00e4 yll\u00e4pit\u00e4j\u00e4st\u00e4. &nbsp; Lis\u00e4tietoa julkaisuista Juuli-julkaisutietoportaali sis\u00e4lt\u00e4\u00e4 tietoja suomalaisten tutkimusorganisaatioiden julkaisuista. Jos olet julkaissut jotain kolmen vuoden sis\u00e4ll\u00e4, kannattaa sinun sy\u00f6tt\u00e4\u00e4 julkaisusi tiedot JUSTUS-tietokantaan. Sy\u00f6tetyt tiedot tarkistetaan ja korjataan TAMKin puolesta, [&hellip;]<\/p>\n","protected":false},"author":8213,"featured_media":0,"parent":0,"menu_order":9,"comment_status":"closed","ping_status":"closed","template":"","meta":{"footnotes":""},"class_list":["post-4880","page","type-page","status-publish","hentry","has-post-title","has-post-date","has-post-category","has-post-tag","has-post-comment","has-post-author"],"_links":{"self":[{"href":"https:\/\/webpages.tuni.fi\/valvomo\/wp-json\/wp\/v2\/pages\/4880","targetHints":{"allow":["GET"]}}],"collection":[{"href":"https:\/\/webpages.tuni.fi\/valvomo\/wp-json\/wp\/v2\/pages"}],"about":[{"href":"https:\/\/webpages.tuni.fi\/valvomo\/wp-json\/wp\/v2\/types\/page"}],"author":[{"embeddable":true,"href":"https:\/\/webpages.tuni.fi\/valvomo\/wp-json\/wp\/v2\/users\/8213"}],"replies":[{"embeddable":true,"href":"https:\/\/webpages.tuni.fi\/valvomo\/wp-json\/wp\/v2\/comments?post=4880"}],"version-history":[{"count":17,"href":"https:\/\/webpages.tuni.fi\/valvomo\/wp-json\/wp\/v2\/pages\/4880\/revisions"}],"predecessor-version":[{"id":5186,"href":"https:\/\/webpages.tuni.fi\/valvomo\/wp-json\/wp\/v2\/pages\/4880\/revisions\/5186"}],"wp:attachment":[{"href":"https:\/\/webpages.tuni.fi\/valvomo\/wp-json\/wp\/v2\/media?parent=4880"}],"curies":[{"name":"wp","href":"https:\/\/api.w.org\/{rel}","templated":true}]}}