{"id":4540,"date":"2017-10-09T10:54:37","date_gmt":"2017-10-09T07:54:37","guid":{"rendered":"http:\/\/valvomo.tamk.fi\/?page_id=4540"},"modified":"2024-01-24T08:54:31","modified_gmt":"2024-01-24T06:54:31","slug":"henkilosto","status":"publish","type":"page","link":"https:\/\/webpages.tuni.fi\/valvomo\/henkilosto\/","title":{"rendered":"Henkil\u00f6st\u00f6"},"content":{"rendered":"<h2>Tunnusluvut<\/h2>\n<div class=\"loops-wrapper tile-wrapper\"><div id=\"tile-5583\" class=\"tile-post small pink button post-5583 tile type-tile status-publish hentry tile-category-koonnit tile-category-henkilosto has-post-title has-post-date has-post-category has-post-tag has-post-comment has-post-author\"><a title=\"Johdon ja esihenkil\u00f6iden raportit*\" href=\"https:\/\/app.powerbi.com\/Redirect?action=OpenApp&#038;appId=0d791a19-79f4-4415-b4ae-1449c4a3e5dc&#038;ctid=fa6944af-cc7c-4cd8-9154-c01132798910&#038;experience=power-bi\" target=\"_blank\"><figure class=\"button-icon\"><img decoding=\"async\" src=\"https:\/\/webpages.tuni.fi\/valvomo\/wp-content\/blogs.dir\/312\/files\/2017\/05\/BI-ikoni-1-40x44.png\" width=\"40\" class=\" wp-image-4476\" title=\"BI ikoni 1\" alt=\"Johdon ja esihenkil\u00f6iden raportit*\" srcset=\"https:\/\/webpages.tuni.fi\/valvomo\/wp-content\/blogs.dir\/312\/files\/2017\/05\/BI-ikoni-1-40x44.png 40w, https:\/\/webpages.tuni.fi\/valvomo\/wp-content\/blogs.dir\/312\/files\/2017\/05\/BI-ikoni-1.png 70w, https:\/\/webpages.tuni.fi\/valvomo\/wp-content\/blogs.dir\/312\/files\/2017\/05\/BI-ikoni-1-50x55.png 50w, https:\/\/webpages.tuni.fi\/valvomo\/wp-content\/blogs.dir\/312\/files\/2017\/05\/BI-ikoni-1-60x66.png 60w\" sizes=\"(max-width: 40px) 100vw, 40px\" \/><\/figure><span class=\"button-title\">Johdon ja esihenkil\u00f6iden raportit*<\/span><\/a><\/div><!-- \/.tile 5583 --><div id=\"tile-4965\" class=\"tile-post small teal button post-4965 tile type-tile status-publish hentry tile-category-henkilosto has-post-title has-post-date has-post-category has-post-tag has-post-comment has-post-author\"><a title=\"Henkil\u00f6st\u00f6profiili (TUNIreports)\" href=\"https:\/\/app.powerbi.com\/Redirect?action=OpenReport&#038;appId=81875f1b-58af-49de-afab-b178a1e6531c&#038;reportObjectId=440f915c-d80d-441c-b637-4c3a44d74f9e&#038;ctid=fa6944af-cc7c-4cd8-9154-c01132798910&#038;reportPage=ReportSection0832da20155d7ca16c99&#038;pbi_source=appShareLink&#038;portalSessionId=5f53fd91-0207-4f7a-bcf2-1c415522cffc\" target=\"_blank\"><figure class=\"button-icon\"><img decoding=\"async\" src=\"https:\/\/webpages.tuni.fi\/valvomo\/wp-content\/blogs.dir\/312\/files\/2017\/05\/BI_ikoni_opiskelijam\u00e4\u00e4r\u00e4t-60x57.png\" width=\"60\" class=\" wp-image-4483\" title=\"BI_ikoni_opiskelijam\u00e4\u00e4r\u00e4t\" alt=\"Henkil\u00f6st\u00f6profiili (TUNIreports)\" srcset=\"https:\/\/webpages.tuni.fi\/valvomo\/wp-content\/blogs.dir\/312\/files\/2017\/05\/BI_ikoni_opiskelijam\u00e4\u00e4r\u00e4t-60x57.png 60w, https:\/\/webpages.tuni.fi\/valvomo\/wp-content\/blogs.dir\/312\/files\/2017\/05\/BI_ikoni_opiskelijam\u00e4\u00e4r\u00e4t-50x48.png 50w, https:\/\/webpages.tuni.fi\/valvomo\/wp-content\/blogs.dir\/312\/files\/2017\/05\/BI_ikoni_opiskelijam\u00e4\u00e4r\u00e4t-40x38.png 40w, https:\/\/webpages.tuni.fi\/valvomo\/wp-content\/blogs.dir\/312\/files\/2017\/05\/BI_ikoni_opiskelijam\u00e4\u00e4r\u00e4t.png 80w\" sizes=\"(max-width: 60px) 100vw, 60px\" \/><\/figure><span class=\"button-title\">Henkil\u00f6st\u00f6profiili (TUNIreports)<\/span><\/a><\/div><!-- \/.tile 4965 --><div id=\"tile-4959\" class=\"tile-post small pink button post-4959 tile type-tile status-publish hentry tile-category-tki tile-category-talous tile-category-henkilosto has-post-title has-post-date has-post-category has-post-tag has-post-comment has-post-author\"><a title=\"Ty\u00f6ajan jakauma (TAS Peppi)\" href=\"https:\/\/app.powerbi.com\/groups\/f9d85971-5442-47b4-b699-1b62d9b15ea5\/reports\/d027d1bf-cecb-4b9d-b258-56920bb866f0?ctid=fa6944af-cc7c-4cd8-9154-c01132798910\" target=\"_blank\"><figure class=\"button-icon\"><img decoding=\"async\" src=\"https:\/\/valvomo.tamk.fi\/files\/2017\/05\/BI_jory_raportti_ikoni.png\" width=\"40\" alt=\"Ty\u00f6ajan jakauma (TAS Peppi)\" \/><\/figure><span class=\"button-title\">Ty\u00f6ajan jakauma (TAS Peppi)<\/span><\/a><\/div><!-- \/.tile 4959 --><div id=\"tile-4919\" class=\"tile-post small lime button post-4919 tile type-tile status-publish hentry tile-category-henkilosto has-post-title has-post-date has-post-category has-post-tag has-post-comment has-post-author\"><a title=\"Henkil\u00f6st\u00f6-liikkuvuus\" href=\"https:\/\/app.powerbi.com\/groups\/f9d85971-5442-47b4-b699-1b62d9b15ea5\/reports\/624acd41-eb33-4b0b-bdc1-1d7e3bb77c53\" target=\"_blank\"><figure class=\"button-icon\"><img decoding=\"async\" src=\"https:\/\/valvomo.tamk.fi\/files\/2020\/06\/5.png\" width=\"60\" alt=\"Henkil\u00f6st\u00f6-liikkuvuus\" \/><\/figure><span class=\"button-title\">Henkil\u00f6st\u00f6-liikkuvuus<\/span><\/a><\/div><!-- \/.tile 4919 --><div id=\"tile-4545\" class=\"tile-post small orange button post-4545 tile type-tile status-publish hentry tile-category-henkilosto has-post-title has-post-date has-post-category has-post-tag has-post-comment has-post-author\"><a title=\"Sairauspoissaolot\" href=\"https:\/\/tuni.sharepoint.com\/:f:\/r\/sites\/TG-raportointitamk\/Jaetut%20asiakirjat\/Henkil%C3%B6st%C3%B6\/Sairauspoissaolot?csf=1&#038;e=ZKvKKB\" target=\"_blank\"><figure class=\"button-icon\"><img decoding=\"async\" src=\"https:\/\/valvomo.tamk.fi\/files\/2020\/06\/1.png\" width=\"70\" alt=\"Sairauspoissaolot\" \/><\/figure><span class=\"button-title\">Sairauspoissaolot<\/span><\/a><\/div><!-- \/.tile 4545 --><div id=\"tile-4509\" class=\"tile-post small purple button post-4509 tile type-tile status-publish hentry tile-category-talous tile-category-henkilosto has-post-title has-post-date has-post-category has-post-tag has-post-comment has-post-author\"><a title=\"Peppi-raportit* (VPN)\" href=\"https:\/\/raportit.tamk.fi\/Reports\/browse\/Henkilostopalvelut\" target=\"_blank\"><figure class=\"button-icon\"><img decoding=\"async\" src=\"https:\/\/webpages.tuni.fi\/valvomo\/wp-content\/blogs.dir\/312\/files\/2017\/05\/BI_jory_raportti_ikoni-40x50.png\" width=\"40\" class=\" wp-image-4478\" title=\"BI_jory_raportti_ikoni\" alt=\"Peppi-raportit* (VPN)\" srcset=\"https:\/\/webpages.tuni.fi\/valvomo\/wp-content\/blogs.dir\/312\/files\/2017\/05\/BI_jory_raportti_ikoni-40x50.png 40w, https:\/\/webpages.tuni.fi\/valvomo\/wp-content\/blogs.dir\/312\/files\/2017\/05\/BI_jory_raportti_ikoni-50x62.png 50w, https:\/\/webpages.tuni.fi\/valvomo\/wp-content\/blogs.dir\/312\/files\/2017\/05\/BI_jory_raportti_ikoni-45x56.png 45w, https:\/\/webpages.tuni.fi\/valvomo\/wp-content\/blogs.dir\/312\/files\/2017\/05\/BI_jory_raportti_ikoni.png 60w\" sizes=\"(max-width: 40px) 100vw, 40px\" \/><\/figure><span class=\"button-title\">Peppi-raportit* (VPN)<\/span><\/a><\/div><!-- \/.tile 4509 --><\/div><!-- .tile-wrapper -->\n<h2>Palautteet ja arvioinnit<\/h2>\n<div class=\"loops-wrapper tile-wrapper\"><div id=\"tile-5369\" class=\"tile-post small magenta button post-5369 tile type-tile status-publish hentry tile-category-kehita tile-category-arvioinnit has-post-title has-post-date has-post-category has-post-tag has-post-comment has-post-author\"><a title=\"Kehit\u00e4 ja kiit\u00e4\" href=\"https:\/\/tuni.sharepoint.com\/:w:\/r\/sites\/TG-raportointitamk\/Jaetut%20asiakirjat\/Palautteet\/Kehit%C3%A4%20ja%20kiit%C3%A4\/Kehit%C3%A4%20ja%20kiit%C3%A4%20palautteet%20ja%20vastaukset.docx?d=wdd8ed73e8198439dbd60cc1524d5f102&#038;csf=1&#038;web=1&#038;e=fF4rok\" ><figure class=\"button-icon\"><img decoding=\"async\" src=\"https:\/\/webpages.tuni.fi\/valvomo\/wp-content\/blogs.dir\/312\/files\/2017\/05\/BI_ikoni_55op-1-60x51.png\" width=\"60\" class=\" wp-image-4482\" title=\"BI_ikoni_55op 1\" alt=\"Kehit\u00e4 ja kiit\u00e4\" srcset=\"https:\/\/webpages.tuni.fi\/valvomo\/wp-content\/blogs.dir\/312\/files\/2017\/05\/BI_ikoni_55op-1-60x51.png 60w, https:\/\/webpages.tuni.fi\/valvomo\/wp-content\/blogs.dir\/312\/files\/2017\/05\/BI_ikoni_55op-1-70x60.png 70w, https:\/\/webpages.tuni.fi\/valvomo\/wp-content\/blogs.dir\/312\/files\/2017\/05\/BI_ikoni_55op-1-50x43.png 50w, https:\/\/webpages.tuni.fi\/valvomo\/wp-content\/blogs.dir\/312\/files\/2017\/05\/BI_ikoni_55op-1.png 80w\" sizes=\"(max-width: 60px) 100vw, 60px\" \/><\/figure><span class=\"button-title\">Kehit\u00e4 ja kiit\u00e4<\/span><\/a><\/div><!-- \/.tile 5369 --><div id=\"tile-5035\" class=\"tile-post small lime button post-5035 tile type-tile status-publish hentry tile-category-hspalaute tile-category-arvioinnit has-post-title has-post-date has-post-category has-post-tag has-post-comment has-post-author\"><a title=\"Palvelujen palaute\" href=\"https:\/\/tuni.sharepoint.com\/:f:\/r\/sites\/TG-raportointitamk\/Jaetut%20asiakirjat\/Palautteet\/Muut%20palautteet\/TUNI-palveluiden%20palaute?csf=1&#038;web=1&#038;e=Uhn6B7\" target=\"_blank\"><figure class=\"button-icon\"><img decoding=\"async\" src=\"https:\/\/valvomo.tamk.fi\/files\/2020\/06\/8.png\" width=\"60\" alt=\"Palvelujen palaute\" \/><\/figure><span class=\"button-title\">Palvelujen palaute<\/span><\/a><\/div><!-- \/.tile 5035 --><div id=\"tile-4713\" class=\"tile-post small orange button post-4713 tile type-tile status-publish hentry tile-category-hspalaute tile-category-arvioinnit has-post-title has-post-date has-post-category has-post-tag has-post-comment has-post-author\"><a title=\"Henkil\u00f6st\u00f6palaute\" href=\"https:\/\/tuni.sharepoint.com\/:f:\/r\/sites\/TG-raportointitamk\/Jaetut%20asiakirjat\/Henkil%C3%B6st%C3%B6\/Henkil%C3%B6st%C3%B6tutkimukset?csf=1&#038;e=WfYJfp\" target=\"_blank\"><figure class=\"button-icon\"><img decoding=\"async\" src=\"https:\/\/webpages.tuni.fi\/valvomo\/wp-content\/blogs.dir\/312\/files\/2017\/05\/BI_ikoni_opiskelijam\u00e4\u00e4r\u00e4t-60x57.png\" width=\"60\" class=\" wp-image-4483\" title=\"BI_ikoni_opiskelijam\u00e4\u00e4r\u00e4t\" alt=\"Henkil\u00f6st\u00f6palaute\" srcset=\"https:\/\/webpages.tuni.fi\/valvomo\/wp-content\/blogs.dir\/312\/files\/2017\/05\/BI_ikoni_opiskelijam\u00e4\u00e4r\u00e4t-60x57.png 60w, https:\/\/webpages.tuni.fi\/valvomo\/wp-content\/blogs.dir\/312\/files\/2017\/05\/BI_ikoni_opiskelijam\u00e4\u00e4r\u00e4t-50x48.png 50w, https:\/\/webpages.tuni.fi\/valvomo\/wp-content\/blogs.dir\/312\/files\/2017\/05\/BI_ikoni_opiskelijam\u00e4\u00e4r\u00e4t-40x38.png 40w, https:\/\/webpages.tuni.fi\/valvomo\/wp-content\/blogs.dir\/312\/files\/2017\/05\/BI_ikoni_opiskelijam\u00e4\u00e4r\u00e4t.png 80w\" sizes=\"(max-width: 60px) 100vw, 60px\" \/><\/figure><span class=\"button-title\">Henkil\u00f6st\u00f6palaute<\/span><\/a><\/div><!-- \/.tile 4713 --><div id=\"tile-4519\" class=\"tile-post small teal button post-4519 tile type-tile status-publish hentry tile-category-arvioinnit has-post-title has-post-date has-post-category has-post-tag has-post-comment has-post-author\"><a title=\"Itsearvioinnit\" href=\"https:\/\/tuni.sharepoint.com\/sites\/TG-raportointitamk\/Jaetut%20asiakirjat\/Forms\/AllItems.aspx?id=%2Fsites%2FTG%2Draportointitamk%2FJaetut%20asiakirjat%2FHenkil%C3%B6st%C3%B6%2FItsearvioinnit&#038;viewid=e440b6f0%2D0586%2D44be%2Dbded%2D49799f05e47a\" target=\"_blank\"><figure class=\"button-icon\"><img decoding=\"async\" src=\"https:\/\/webpages.tuni.fi\/valvomo\/wp-content\/blogs.dir\/312\/files\/2017\/05\/BI_ikoni_opiskelijam\u00e4\u00e4r\u00e4t-60x57.png\" width=\"60\" class=\" wp-image-4483\" title=\"BI_ikoni_opiskelijam\u00e4\u00e4r\u00e4t\" alt=\"Itsearvioinnit\" srcset=\"https:\/\/webpages.tuni.fi\/valvomo\/wp-content\/blogs.dir\/312\/files\/2017\/05\/BI_ikoni_opiskelijam\u00e4\u00e4r\u00e4t-60x57.png 60w, https:\/\/webpages.tuni.fi\/valvomo\/wp-content\/blogs.dir\/312\/files\/2017\/05\/BI_ikoni_opiskelijam\u00e4\u00e4r\u00e4t-50x48.png 50w, https:\/\/webpages.tuni.fi\/valvomo\/wp-content\/blogs.dir\/312\/files\/2017\/05\/BI_ikoni_opiskelijam\u00e4\u00e4r\u00e4t-40x38.png 40w, https:\/\/webpages.tuni.fi\/valvomo\/wp-content\/blogs.dir\/312\/files\/2017\/05\/BI_ikoni_opiskelijam\u00e4\u00e4r\u00e4t.png 80w\" sizes=\"(max-width: 60px) 100vw, 60px\" \/><\/figure><span class=\"button-title\">Itsearvioinnit<\/span><\/a><\/div><!-- \/.tile 4519 --><\/div><!-- .tile-wrapper -->\n<p>T\u00e4hdell\u00e4 * merkityiss\u00e4 raporteissa rajattu p\u00e4\u00e4sy ty\u00f6teht\u00e4v\u00e4n mukaan tai p\u00e4\u00e4sy vain henkil\u00f6kuntaverkosta (et\u00e4yhteydell\u00e4 k\u00e4yt\u00e4 VPN-toimintoa).<\/p>\n<p><a href=\"https:\/\/tuni.sharepoint.com\/:w:\/r\/sites\/TG-raportointitamk\/_layouts\/15\/Doc.aspx?sourcedoc=%7B6636AAE1-00FE-4C1B-BC82-00557E4778C4%7D&amp;file=Valvomon%20raporttien%20kuvaukset.docx&amp;action=default&amp;mobileredirect=true\">Tarkemmat kuvaukset Valvomon raporttien sis\u00e4ll\u00f6st\u00e4, k\u00e4ytt\u00f6oikeuksista, tietojen p\u00e4ivityssyklist\u00e4 sek\u00e4 yll\u00e4pit\u00e4j\u00e4st\u00e4<\/a>.<\/p>\n<p><a href=\"https:\/\/valvomo.tamk.fi\/\">Tietosuojaselosteet l\u00f6ytyv\u00e4t Info-sivulta<\/a>.<\/p>\n<div id=\"themify_builder_content-4519\" data-postid=\"4519\" class=\"themify_builder_content themify_builder_content-4519 themify_builder themify_builder_front\">\n\n\t<\/div>\n<!-- \/themify_builder_content -->","protected":false},"excerpt":{"rendered":"<p>Tunnusluvut Palautteet ja arvioinnit T\u00e4hdell\u00e4 * merkityiss\u00e4 raporteissa rajattu p\u00e4\u00e4sy ty\u00f6teht\u00e4v\u00e4n mukaan tai p\u00e4\u00e4sy vain henkil\u00f6kuntaverkosta (et\u00e4yhteydell\u00e4 k\u00e4yt\u00e4 VPN-toimintoa). Tarkemmat kuvaukset Valvomon raporttien sis\u00e4ll\u00f6st\u00e4, k\u00e4ytt\u00f6oikeuksista, tietojen p\u00e4ivityssyklist\u00e4 sek\u00e4 yll\u00e4pit\u00e4j\u00e4st\u00e4. Tietosuojaselosteet l\u00f6ytyv\u00e4t Info-sivulta.<\/p>\n","protected":false},"author":8213,"featured_media":0,"parent":0,"menu_order":11,"comment_status":"closed","ping_status":"closed","template":"","meta":{"footnotes":""},"class_list":["post-4540","page","type-page","status-publish","hentry","has-post-title","has-post-date","has-post-category","has-post-tag","has-post-comment","has-post-author"],"_links":{"self":[{"href":"https:\/\/webpages.tuni.fi\/valvomo\/wp-json\/wp\/v2\/pages\/4540","targetHints":{"allow":["GET"]}}],"collection":[{"href":"https:\/\/webpages.tuni.fi\/valvomo\/wp-json\/wp\/v2\/pages"}],"about":[{"href":"https:\/\/webpages.tuni.fi\/valvomo\/wp-json\/wp\/v2\/types\/page"}],"author":[{"embeddable":true,"href":"https:\/\/webpages.tuni.fi\/valvomo\/wp-json\/wp\/v2\/users\/8213"}],"replies":[{"embeddable":true,"href":"https:\/\/webpages.tuni.fi\/valvomo\/wp-json\/wp\/v2\/comments?post=4540"}],"version-history":[{"count":25,"href":"https:\/\/webpages.tuni.fi\/valvomo\/wp-json\/wp\/v2\/pages\/4540\/revisions"}],"predecessor-version":[{"id":5487,"href":"https:\/\/webpages.tuni.fi\/valvomo\/wp-json\/wp\/v2\/pages\/4540\/revisions\/5487"}],"wp:attachment":[{"href":"https:\/\/webpages.tuni.fi\/valvomo\/wp-json\/wp\/v2\/media?parent=4540"}],"curies":[{"name":"wp","href":"https:\/\/api.w.org\/{rel}","templated":true}]}}