{"id":4451,"date":"2017-05-18T11:09:46","date_gmt":"2017-05-18T08:09:46","guid":{"rendered":"http:\/\/valvomo.tamk.fi\/?page_id=4451"},"modified":"2025-05-01T09:18:10","modified_gmt":"2025-05-01T06:18:10","slug":"koontinaytot","status":"publish","type":"page","link":"https:\/\/webpages.tuni.fi\/valvomo\/koontinaytot\/","title":{"rendered":"Strategiset mittarit"},"content":{"rendered":"<h2>Koontin\u00e4yt\u00f6t<\/h2>\n<div class=\"loops-wrapper tile-wrapper\"><div id=\"tile-4467\" class=\"tile-post small blue button post-4467 tile type-tile status-publish hentry tile-category-tuko tile-category-kv tile-category-koonnit has-post-title has-post-date has-post-category has-post-tag has-post-comment has-post-author\"><a title=\"Kansainv\u00e4lisyyden dashboard\" href=\"https:\/\/app.powerbi.com\/Redirect?action=OpenReport&#038;appId=1dbec238-354d-4f28-91a7-57f90714391e&#038;reportObjectId=7ae32975-6239-4d40-ae0a-976d4dff032a&#038;ctid=fa6944af-cc7c-4cd8-9154-c01132798910&#038;reportPage=f5967deeb5c3799a801e&#038;pbi_source=appShareLink&#038;portalSessionId=90d8f36a-2fed-403d-bbdd-085f2ad11f36\" target=\"_blank\"><figure class=\"button-icon\"><img decoding=\"async\" src=\"https:\/\/webpages.tuni.fi\/valvomo\/wp-content\/blogs.dir\/312\/files\/2017\/05\/BI_ikoni_kansainv\u00e4lisyys-50x50.png\" width=\"50\" class=\" wp-image-4477\" title=\"BI_ikoni_kansainv\u00e4lisyys\" alt=\"Kansainv\u00e4lisyyden dashboard\" srcset=\"https:\/\/webpages.tuni.fi\/valvomo\/wp-content\/blogs.dir\/312\/files\/2017\/05\/BI_ikoni_kansainv\u00e4lisyys-50x50.png 50w, https:\/\/webpages.tuni.fi\/valvomo\/wp-content\/blogs.dir\/312\/files\/2017\/05\/BI_ikoni_kansainv\u00e4lisyys-60x60.png 60w, https:\/\/webpages.tuni.fi\/valvomo\/wp-content\/blogs.dir\/312\/files\/2017\/05\/BI_ikoni_kansainv\u00e4lisyys-70x70.png 70w, https:\/\/webpages.tuni.fi\/valvomo\/wp-content\/blogs.dir\/312\/files\/2017\/05\/BI_ikoni_kansainv\u00e4lisyys.png 80w\" sizes=\"(max-width: 50px) 100vw, 50px\" \/><\/figure><span class=\"button-title\">Kansainv\u00e4lisyyden dashboard<\/span><\/a><\/div><!-- \/.tile 4467 --><div id=\"tile-5583\" class=\"tile-post small pink button post-5583 tile type-tile status-publish hentry tile-category-koonnit tile-category-henkilosto has-post-title has-post-date has-post-category has-post-tag has-post-comment has-post-author\"><a title=\"Johdon ja esihenkil\u00f6iden raportit*\" href=\"https:\/\/app.powerbi.com\/Redirect?action=OpenApp&#038;appId=0d791a19-79f4-4415-b4ae-1449c4a3e5dc&#038;ctid=fa6944af-cc7c-4cd8-9154-c01132798910&#038;experience=power-bi\" target=\"_blank\"><figure class=\"button-icon\"><img decoding=\"async\" src=\"https:\/\/webpages.tuni.fi\/valvomo\/wp-content\/blogs.dir\/312\/files\/2017\/05\/BI-ikoni-1-40x44.png\" width=\"40\" class=\" wp-image-4476\" title=\"BI ikoni 1\" alt=\"Johdon ja esihenkil\u00f6iden raportit*\" srcset=\"https:\/\/webpages.tuni.fi\/valvomo\/wp-content\/blogs.dir\/312\/files\/2017\/05\/BI-ikoni-1-40x44.png 40w, https:\/\/webpages.tuni.fi\/valvomo\/wp-content\/blogs.dir\/312\/files\/2017\/05\/BI-ikoni-1.png 70w, https:\/\/webpages.tuni.fi\/valvomo\/wp-content\/blogs.dir\/312\/files\/2017\/05\/BI-ikoni-1-50x55.png 50w, https:\/\/webpages.tuni.fi\/valvomo\/wp-content\/blogs.dir\/312\/files\/2017\/05\/BI-ikoni-1-60x66.png 60w\" sizes=\"(max-width: 40px) 100vw, 40px\" \/><\/figure><span class=\"button-title\">Johdon ja esihenkil\u00f6iden raportit*<\/span><\/a><\/div><!-- \/.tile 5583 --><div id=\"tile-5528\" class=\"tile-post small purple button post-5528 tile type-tile status-publish hentry tile-category-tki tile-category-koonnit has-post-title has-post-date has-post-category has-post-tag has-post-comment has-post-author\"><a title=\"Ulkoisen rahoituksen dashboard\" href=\"https:\/\/app.powerbi.com\/groups\/me\/apps\/a03557b8-051d-4f0c-b09f-6ea61d12c894\/reports\/3c96d1bd-b820-4583-8828-8e9e2d3c3be2\/cd7d20a62b70eb935636?ctid=fa6944af-cc7c-4cd8-9154-c01132798910&#038;language=en-US&#038;experience=power-bi\" ><figure class=\"button-icon\"><img decoding=\"async\" src=\"https:\/\/webpages.tuni.fi\/valvomo\/wp-content\/blogs.dir\/312\/files\/2020\/06\/10-60x57.png\" width=\"60\" class=\" wp-image-4783\" title=\"10\" alt=\"Ulkoisen rahoituksen dashboard\" srcset=\"https:\/\/webpages.tuni.fi\/valvomo\/wp-content\/blogs.dir\/312\/files\/2020\/06\/10-60x57.png 60w, https:\/\/webpages.tuni.fi\/valvomo\/wp-content\/blogs.dir\/312\/files\/2020\/06\/10-300x287.png 300w, https:\/\/webpages.tuni.fi\/valvomo\/wp-content\/blogs.dir\/312\/files\/2020\/06\/10.png 593w\" sizes=\"(max-width: 60px) 100vw, 60px\" \/><\/figure><span class=\"button-title\">Ulkoisen rahoituksen dashboard<\/span><\/a><\/div><!-- \/.tile 5528 --><div id=\"tile-5262\" class=\"tile-post small teal button post-5262 tile type-tile status-publish hentry tile-category-koonnit has-post-title has-post-date has-post-category has-post-tag has-post-comment has-post-author\"><a title=\"Osaamisyksik\u00f6n johdon n\u00e4kym\u00e4*\" href=\"https:\/\/app.powerbi.com\/Redirect?action=OpenApp&#038;appId=2e57ad5b-636a-4f32-9d19-4611e1b9ddec&#038;ctid=fa6944af-cc7c-4cd8-9154-c01132798910\" target=\"_blank\"><figure class=\"button-icon\"><img decoding=\"async\" src=\"https:\/\/webpages.tuni.fi\/valvomo\/wp-content\/blogs.dir\/312\/files\/2020\/06\/37-50x53.png\" width=\"50\" class=\" wp-image-4756\" title=\"37\" alt=\"Osaamisyksik\u00f6n johdon n\u00e4kym\u00e4*\" srcset=\"https:\/\/webpages.tuni.fi\/valvomo\/wp-content\/blogs.dir\/312\/files\/2020\/06\/37-50x53.png 50w, https:\/\/webpages.tuni.fi\/valvomo\/wp-content\/blogs.dir\/312\/files\/2020\/06\/37-279x300.png 279w, https:\/\/webpages.tuni.fi\/valvomo\/wp-content\/blogs.dir\/312\/files\/2020\/06\/37-60x64.png 60w, https:\/\/webpages.tuni.fi\/valvomo\/wp-content\/blogs.dir\/312\/files\/2020\/06\/37-40x42.png 40w, https:\/\/webpages.tuni.fi\/valvomo\/wp-content\/blogs.dir\/312\/files\/2020\/06\/37.png 537w\" sizes=\"(max-width: 50px) 100vw, 50px\" \/><\/figure><span class=\"button-title\">Osaamisyksik\u00f6n johdon n\u00e4kym\u00e4*<\/span><\/a><\/div><!-- \/.tile 5262 --><div id=\"tile-5042\" class=\"tile-post small green button post-5042 tile type-tile status-publish hentry tile-category-koonnit has-post-title has-post-date has-post-category has-post-tag has-post-comment has-post-author\"><a title=\"Strateginen mittaristo\/ TAMK dashboard\" href=\"https:\/\/app.powerbi.com\/Redirect?action=OpenApp&#038;appId=582b7493-b2b0-4e41-bb09-0299064b2bba&#038;ctid=fa6944af-cc7c-4cd8-9154-c01132798910\" target=\"_blank\"><figure class=\"button-icon\"><img decoding=\"async\" src=\"https:\/\/webpages.tuni.fi\/valvomo\/wp-content\/blogs.dir\/312\/files\/2017\/05\/BI_ikoni_opintopisteet-60x35.png\" width=\"60\" class=\" wp-image-4479\" title=\"BI_ikoni_opintopisteet\" alt=\"Strateginen mittaristo\/ TAMK dashboard\" srcset=\"https:\/\/webpages.tuni.fi\/valvomo\/wp-content\/blogs.dir\/312\/files\/2017\/05\/BI_ikoni_opintopisteet-60x35.png 60w, https:\/\/webpages.tuni.fi\/valvomo\/wp-content\/blogs.dir\/312\/files\/2017\/05\/BI_ikoni_opintopisteet-50x29.png 50w, https:\/\/webpages.tuni.fi\/valvomo\/wp-content\/blogs.dir\/312\/files\/2017\/05\/BI_ikoni_opintopisteet-70x41.png 70w, https:\/\/webpages.tuni.fi\/valvomo\/wp-content\/blogs.dir\/312\/files\/2017\/05\/BI_ikoni_opintopisteet.png 80w\" sizes=\"(max-width: 60px) 100vw, 60px\" \/><\/figure><span class=\"button-title\">Strateginen mittaristo\/ TAMK dashboard<\/span><\/a><\/div><!-- \/.tile 5042 --><\/div><!-- .tile-wrapper -->\n<h2>OKM rahoitusmittarit ja TAMKin katsaukset<\/h2>\n<div class=\"loops-wrapper tile-wrapper\"><div id=\"tile-5235\" class=\"tile-post small purple button post-5235 tile type-tile status-publish hentry tile-category-okm has-post-title has-post-date has-post-category has-post-tag has-post-comment has-post-author\"><a title=\"TAMKin katsaukset\" href=\"https:\/\/tuni.sharepoint.com\/:f:\/s\/TG-raportointitamk\/EmpNGixi1gpHrlXmJrQXI1sBviKcumLB3KIcKCPNL1nmCQ?e=bUtl6b\" target=\"_blank\"><figure class=\"button-icon\"><img decoding=\"async\" src=\"https:\/\/webpages.tuni.fi\/valvomo\/wp-content\/blogs.dir\/312\/files\/2020\/06\/37-50x53.png\" width=\"50\" class=\" wp-image-4756\" title=\"37\" alt=\"TAMKin katsaukset\" srcset=\"https:\/\/webpages.tuni.fi\/valvomo\/wp-content\/blogs.dir\/312\/files\/2020\/06\/37-50x53.png 50w, https:\/\/webpages.tuni.fi\/valvomo\/wp-content\/blogs.dir\/312\/files\/2020\/06\/37-279x300.png 279w, https:\/\/webpages.tuni.fi\/valvomo\/wp-content\/blogs.dir\/312\/files\/2020\/06\/37-60x64.png 60w, https:\/\/webpages.tuni.fi\/valvomo\/wp-content\/blogs.dir\/312\/files\/2020\/06\/37-40x42.png 40w, https:\/\/webpages.tuni.fi\/valvomo\/wp-content\/blogs.dir\/312\/files\/2020\/06\/37.png 537w\" sizes=\"(max-width: 50px) 100vw, 50px\" \/><\/figure><span class=\"button-title\">TAMKin katsaukset<\/span><\/a><\/div><!-- \/.tile 5235 --><div id=\"tile-4962\" class=\"tile-post small teal button post-4962 tile type-tile status-publish hentry tile-category-okm has-post-title has-post-date has-post-category has-post-tag has-post-comment has-post-author\"><a title=\"Indikaattorit ja asemointitilastot (Vipunen)\" href=\"https:\/\/vipunen.fi\/fi-fi\/kkyhteiset\/Sivut\/Indikaattorit.aspx\" target=\"_blank\"><figure class=\"button-icon\"><img decoding=\"async\" src=\"https:\/\/webpages.tuni.fi\/valvomo\/wp-content\/blogs.dir\/312\/files\/2017\/05\/BI_ikoni_opintopisteet-50x29.png\" width=\"50\" class=\" wp-image-4479\" title=\"BI_ikoni_opintopisteet\" alt=\"Indikaattorit ja asemointitilastot (Vipunen)\" srcset=\"https:\/\/webpages.tuni.fi\/valvomo\/wp-content\/blogs.dir\/312\/files\/2017\/05\/BI_ikoni_opintopisteet-50x29.png 50w, https:\/\/webpages.tuni.fi\/valvomo\/wp-content\/blogs.dir\/312\/files\/2017\/05\/BI_ikoni_opintopisteet-70x41.png 70w, https:\/\/webpages.tuni.fi\/valvomo\/wp-content\/blogs.dir\/312\/files\/2017\/05\/BI_ikoni_opintopisteet-60x35.png 60w, https:\/\/webpages.tuni.fi\/valvomo\/wp-content\/blogs.dir\/312\/files\/2017\/05\/BI_ikoni_opintopisteet.png 80w\" sizes=\"(max-width: 50px) 100vw, 50px\" \/><\/figure><span class=\"button-title\">Indikaattorit ja asemointitilastot (Vipunen)<\/span><\/a><\/div><!-- \/.tile 4962 --><div id=\"tile-4915\" class=\"tile-post small purple button post-4915 tile type-tile status-publish hentry tile-category-okm has-post-title has-post-date has-post-category has-post-tag has-post-comment has-post-author\"><a title=\"AMKien rahoitusmalli alkaen 2025\" href=\"https:\/\/tuni.sharepoint.com\/sites\/TG-raportointitamk\/Jaetut%20asiakirjat\/OKM\/Rahoitusmalli\/Ammattikorkeakoulujen%20ja%20yliopistojen%20rahoitusmallit%202021%20ja%202025.pdf?csf=1&#038;web=1&#038;e=ky0zht\" target=\"_blank\"><figure class=\"button-icon\"><img decoding=\"async\" src=\"https:\/\/webpages.tuni.fi\/valvomo\/wp-content\/blogs.dir\/312\/files\/2017\/05\/Ikoni_ulkoinen-rahoitus-yksik\u00f6itt\u00e4in-50x55.png\" width=\"50\" class=\" wp-image-4487\" title=\"Ikoni_ulkoinen rahoitus yksik\u00f6itt\u00e4in\" alt=\"AMKien rahoitusmalli alkaen 2025\" srcset=\"https:\/\/webpages.tuni.fi\/valvomo\/wp-content\/blogs.dir\/312\/files\/2017\/05\/Ikoni_ulkoinen-rahoitus-yksik\u00f6itt\u00e4in-50x55.png 50w, https:\/\/webpages.tuni.fi\/valvomo\/wp-content\/blogs.dir\/312\/files\/2017\/05\/Ikoni_ulkoinen-rahoitus-yksik\u00f6itt\u00e4in.png 67w\" sizes=\"(max-width: 50px) 100vw, 50px\" \/><\/figure><span class=\"button-title\">AMKien rahoitusmalli alkaen 2025<\/span><\/a><\/div><!-- \/.tile 4915 --><div id=\"tile-4499\" class=\"tile-post small pink button post-4499 tile type-tile status-publish hentry tile-category-okm tile-category-valmistuneet has-post-title has-post-date has-post-category has-post-tag has-post-comment has-post-author\"><a title=\"OKM tutkintotavoitteet\" href=\"https:\/\/app.powerbi.com\/groups\/f9d85971-5442-47b4-b699-1b62d9b15ea5\/reports\/34e98e47-3694-42c6-bb29-134ed79ddba6\/ReportSection2\" target=\"_blank\"><figure class=\"button-icon\"><img decoding=\"async\" src=\"https:\/\/webpages.tuni.fi\/valvomo\/wp-content\/blogs.dir\/312\/files\/2017\/05\/BI_ikoni_opintopisteet-70x41.png\" width=\"70\" class=\" wp-image-4479\" title=\"BI_ikoni_opintopisteet\" alt=\"OKM tutkintotavoitteet\" srcset=\"https:\/\/webpages.tuni.fi\/valvomo\/wp-content\/blogs.dir\/312\/files\/2017\/05\/BI_ikoni_opintopisteet-70x41.png 70w, https:\/\/webpages.tuni.fi\/valvomo\/wp-content\/blogs.dir\/312\/files\/2017\/05\/BI_ikoni_opintopisteet-50x29.png 50w, https:\/\/webpages.tuni.fi\/valvomo\/wp-content\/blogs.dir\/312\/files\/2017\/05\/BI_ikoni_opintopisteet-60x35.png 60w, https:\/\/webpages.tuni.fi\/valvomo\/wp-content\/blogs.dir\/312\/files\/2017\/05\/BI_ikoni_opintopisteet.png 80w\" sizes=\"(max-width: 70px) 100vw, 70px\" \/><\/figure><span class=\"button-title\">OKM tutkintotavoitteet<\/span><\/a><\/div><!-- \/.tile 4499 --><div id=\"tile-4958\" class=\"tile-post small purple button post-4958 tile type-tile status-publish hentry tile-category-okm tile-category-valmistuneet has-post-title has-post-date has-post-category has-post-tag has-post-comment has-post-author\"><a title=\"Tavoiteajassa valmistuneet*\" href=\"https:\/\/app.powerbi.com\/links\/M4UhoZyVIc?ctid=fa6944af-cc7c-4cd8-9154-c01132798910&#038;pbi_source=linkShare\" target=\"_blank\"><figure class=\"button-icon\"><img decoding=\"async\" src=\"https:\/\/valvomo.tamk.fi\/files\/2017\/05\/BI-ikoni-1.png\" width=\"50\" alt=\"Tavoiteajassa valmistuneet*\" \/><\/figure><span class=\"button-title\">Tavoiteajassa valmistuneet*<\/span><\/a><\/div><!-- \/.tile 4958 --><div id=\"tile-4555\" class=\"tile-post small lime button post-4555 tile type-tile status-publish hentry tile-category-okm tile-category-talous has-post-title has-post-date has-post-category has-post-tag has-post-comment has-post-author\"><a title=\"Ennakointi\/ Osviitta\" href=\"https:\/\/tuni.sharepoint.com\/sites\/TG-raportointitamk\/Jaetut%20asiakirjat\/Forms\/AllItems.aspx?viewid=e440b6f0%2D0586%2D44be%2Dbded%2D49799f05e47a&#038;id=%2Fsites%2FTG%2Draportointitamk%2FJaetut%20asiakirjat%2FEnnakointi\" target=\"_blank\"><figure class=\"button-icon\"><img decoding=\"async\" src=\"https:\/\/webpages.tuni.fi\/valvomo\/wp-content\/blogs.dir\/312\/files\/2017\/05\/BI_ikoni_55op-1-60x51.png\" width=\"60\" class=\" wp-image-4482\" title=\"BI_ikoni_55op 1\" alt=\"Ennakointi\/ Osviitta\" srcset=\"https:\/\/webpages.tuni.fi\/valvomo\/wp-content\/blogs.dir\/312\/files\/2017\/05\/BI_ikoni_55op-1-60x51.png 60w, https:\/\/webpages.tuni.fi\/valvomo\/wp-content\/blogs.dir\/312\/files\/2017\/05\/BI_ikoni_55op-1-70x60.png 70w, https:\/\/webpages.tuni.fi\/valvomo\/wp-content\/blogs.dir\/312\/files\/2017\/05\/BI_ikoni_55op-1-50x43.png 50w, https:\/\/webpages.tuni.fi\/valvomo\/wp-content\/blogs.dir\/312\/files\/2017\/05\/BI_ikoni_55op-1.png 80w\" sizes=\"(max-width: 60px) 100vw, 60px\" \/><\/figure><span class=\"button-title\">Ennakointi\/ Osviitta<\/span><\/a><\/div><!-- \/.tile 4555 --><\/div><!-- .tile-wrapper -->\n<p>T\u00e4hdell\u00e4 * merkityiss\u00e4 raporteissa rajattu p\u00e4\u00e4sy ty\u00f6teht\u00e4v\u00e4n mukaan tai p\u00e4\u00e4sy vain henkil\u00f6kuntaverkosta (et\u00e4yhteydell\u00e4 k\u00e4yt\u00e4 VPN-toimintoa).<\/p>\n<p>&nbsp;<\/p>\n<p><a href=\"https:\/\/finlex.fi\/fi\/lainsaadanto\/saadoskokoelma\/2024\/171\">Opetus- ja kulttuuriministeri\u00f6n asetus ammattikorkeakoulujen perusrahoituksen laskentakriteereist\u00e4<\/a> 1.1.2025 alkaen. Sis\u00e4lt\u00e4\u00e4 tarkemmat m\u00e4\u00e4rittelyt rahoitusmallimittareiden laskennasta.<\/p>\n<p>&nbsp;<\/p>\n<p><a href=\"https:\/\/tuni.sharepoint.com\/:w:\/r\/sites\/TG-raportointitamk\/_layouts\/15\/Doc.aspx?sourcedoc=%7B6636AAE1-00FE-4C1B-BC82-00557E4778C4%7D&amp;file=Valvomon%20raporttien%20kuvaukset.docx&amp;action=default&amp;mobileredirect=true\">Tarkemmat kuvaukset Valvomon raporttien sis\u00e4ll\u00f6st\u00e4, k\u00e4ytt\u00f6oikeuksista, tietojen p\u00e4ivityssyklist\u00e4 sek\u00e4 yll\u00e4pit\u00e4j\u00e4st\u00e4.<\/a><\/p>\n<p><a href=\"https:\/\/valvomo.tamk.fi\/\">Tietosuojaselosteet l\u00f6ytyv\u00e4t Info-sivulta<\/a>.<\/p>\n<div id=\"themify_builder_content-4555\" data-postid=\"4555\" class=\"themify_builder_content themify_builder_content-4555 themify_builder themify_builder_front\">\n\n\t<\/div>\n<!-- \/themify_builder_content -->","protected":false},"excerpt":{"rendered":"<p>Koontin\u00e4yt\u00f6t OKM rahoitusmittarit ja TAMKin katsaukset T\u00e4hdell\u00e4 * merkityiss\u00e4 raporteissa rajattu p\u00e4\u00e4sy ty\u00f6teht\u00e4v\u00e4n mukaan tai p\u00e4\u00e4sy vain henkil\u00f6kuntaverkosta (et\u00e4yhteydell\u00e4 k\u00e4yt\u00e4 VPN-toimintoa). &nbsp; Opetus- ja kulttuuriministeri\u00f6n asetus ammattikorkeakoulujen perusrahoituksen laskentakriteereist\u00e4 1.1.2025 alkaen. Sis\u00e4lt\u00e4\u00e4 tarkemmat m\u00e4\u00e4rittelyt rahoitusmallimittareiden laskennasta. &nbsp; Tarkemmat kuvaukset Valvomon raporttien sis\u00e4ll\u00f6st\u00e4, k\u00e4ytt\u00f6oikeuksista, tietojen p\u00e4ivityssyklist\u00e4 sek\u00e4 yll\u00e4pit\u00e4j\u00e4st\u00e4. Tietosuojaselosteet l\u00f6ytyv\u00e4t Info-sivulta.<\/p>\n","protected":false},"author":8213,"featured_media":0,"parent":0,"menu_order":0,"comment_status":"closed","ping_status":"closed","template":"","meta":{"footnotes":""},"class_list":["post-4451","page","type-page","status-publish","hentry","has-post-title","has-post-date","has-post-category","has-post-tag","has-post-comment","has-post-author"],"_links":{"self":[{"href":"https:\/\/webpages.tuni.fi\/valvomo\/wp-json\/wp\/v2\/pages\/4451","targetHints":{"allow":["GET"]}}],"collection":[{"href":"https:\/\/webpages.tuni.fi\/valvomo\/wp-json\/wp\/v2\/pages"}],"about":[{"href":"https:\/\/webpages.tuni.fi\/valvomo\/wp-json\/wp\/v2\/types\/page"}],"author":[{"embeddable":true,"href":"https:\/\/webpages.tuni.fi\/valvomo\/wp-json\/wp\/v2\/users\/8213"}],"replies":[{"embeddable":true,"href":"https:\/\/webpages.tuni.fi\/valvomo\/wp-json\/wp\/v2\/comments?post=4451"}],"version-history":[{"count":37,"href":"https:\/\/webpages.tuni.fi\/valvomo\/wp-json\/wp\/v2\/pages\/4451\/revisions"}],"predecessor-version":[{"id":5579,"href":"https:\/\/webpages.tuni.fi\/valvomo\/wp-json\/wp\/v2\/pages\/4451\/revisions\/5579"}],"wp:attachment":[{"href":"https:\/\/webpages.tuni.fi\/valvomo\/wp-json\/wp\/v2\/media?parent=4451"}],"curies":[{"name":"wp","href":"https:\/\/api.w.org\/{rel}","templated":true}]}}