{"id":2845,"date":"2021-03-01T12:00:18","date_gmt":"2021-03-01T10:00:18","guid":{"rendered":"https:\/\/webpages.tuni.fi\/gamification\/?page_id=2845"},"modified":"2023-12-23T00:23:42","modified_gmt":"2023-12-22T22:23:42","slug":"marigo-raftopoulos","status":"publish","type":"page","link":"https:\/\/webpages.tuni.fi\/gamification\/members\/marigo-raftopoulos\/","title":{"rendered":"Marigo Raftopoulos"},"content":{"rendered":"<div class=\"wpb-content-wrapper\">[vc_row row_type=&#8221;row&#8221; use_row_as_full_screen_section=&#8221;no&#8221; type=&#8221;full_width&#8221; text_align=&#8221;left&#8221; background_animation=&#8221;none&#8221; css_animation=&#8221;&#8221;][vc_column][vc_column_text]\n<h2 style=\"text-align: center;\">Marigo Raftopoulos<\/h2>\n[\/vc_column_text][vc_empty_space height=&#8221;48px&#8221;][\/vc_column][\/vc_row][vc_row row_type=&#8221;row&#8221; use_row_as_full_screen_section=&#8221;no&#8221; type=&#8221;full_width&#8221; text_align=&#8221;left&#8221; background_animation=&#8221;none&#8221; padding_bottom=&#8221;80&#8243; css_animation=&#8221;&#8221;][vc_column width=&#8221;1\/4&#8243;][vc_column_text]\n<h4><strong>Contact Information<\/strong><\/h4>\n<p>&nbsp;<\/p>\n<p>Email: <a href=\"mailto:marigo.raftopoulos@tuni.fi\">marigo.raftopoulos@tuni.fi<\/a><\/p>\n<p>&nbsp;<\/p>\n<h4><a href=\"https:\/\/www.linkedin.com\/in\/marigoraftopoulos\/\"><i class=\"fab fa-linkedin-in\"><\/i><\/a> \u00a0 <a href=\"https:\/\/twitter.com\/marigo\"><i class=\"fab fa-twitter\"><\/i><\/a><\/h4>\n[\/vc_column_text][vc_empty_space][\/vc_column][vc_column width=&#8221;3\/4&#8243;][vc_column_text]<img loading=\"lazy\" decoding=\"async\" class=\"wp-image-2843 size-medium alignleft\" src=\"https:\/\/webpages.tuni.fi\/gamification\/wp-content\/uploads\/2021\/03\/Marigo-300x300.png\" alt=\"RAFTOPOULOS, MARIGO\" width=\"300\" height=\"300\" srcset=\"https:\/\/webpages.tuni.fi\/gamification\/wp-content\/uploads\/2021\/03\/Marigo-300x300.png 300w, https:\/\/webpages.tuni.fi\/gamification\/wp-content\/uploads\/2021\/03\/Marigo-150x150.png 150w, https:\/\/webpages.tuni.fi\/gamification\/wp-content\/uploads\/2021\/03\/Marigo-160x160.png 160w, https:\/\/webpages.tuni.fi\/gamification\/wp-content\/uploads\/2021\/03\/Marigo.png 400w\" sizes=\"(max-width: 300px) 100vw, 300px\" \/><\/p>\n<p><strong>Dr. Marigo Raftopoulos<\/strong> is a Postdoctoral Research Fellow at Tampere University and is a member of the Gamification Group in the Faculty of Information Technology and Communication Sciences.<\/p>\n<p>&nbsp;<\/p>\n<p>Marigo is currently working on\u00a0<a href=\"https:\/\/webpages.tuni.fi\/gamification\/projects\/augmented-humans\/\">Augmented-Humans<\/a>, an EU-funded project under a Marie Sk\u0142odowska\u2013Curie Actions scholarship (MSCA) dedicated to the study of how we can augment the best of human and artificial intelligence to accelerate creativity and innovation in business applications.<\/p>\n<p>&nbsp;<\/p>\n<p>Part of her research interests includes how we can leverage game-based technologies (games, gamification, virtual and augmented reality) as mediators of engaging and ethical interactions and problem solving between human and machine that generate data, develop meaningful insights, facilitate business problem solving, and aid both human and machine learning.<\/p>\n<p>&nbsp;<\/p>\n<p>Marigo has worked for several decades as a strategic business advisor to technology startups, industry and government on human-centred technology design and digital transformation. As an experienced industry practitioner she brings practical insight to the methodological and analytical rigor of her academic research work. Marigo believes that we are at a critical juncture of technological development driven by artificial intelligence that requires global multi-disciplinary efforts to ensure a balance between economic advancement, environmental sustainability and human flourishing.<\/p>\n<p>&nbsp;<\/p>\n<p>Marigo earned her PhD at RMIT University, Australia, and also holds a Master of Business Administration (MBA) and Bachelor of Economics from Monash University, Australia.[\/vc_column_text][\/vc_column][\/vc_row][vc_row row_type=&#8221;row&#8221; use_row_as_full_screen_section=&#8221;no&#8221; type=&#8221;full_width&#8221; text_align=&#8221;left&#8221; background_animation=&#8221;none&#8221; css_animation=&#8221;&#8221;][vc_column width=&#8221;1\/4&#8243;][\/vc_column][vc_column width=&#8221;3\/4&#8243;][vc_column_text]\n<h2>Publications<\/h2>\n[\/vc_column_text][vc_separator type=&#8221;normal&#8221; border_style=&#8221;&#8221;][vc_column_text]<em>This is a list of her academic publications that are in the public domain. She has authored several proprietary research and strategy papers for industry and government that remain in the private domain. <\/em><\/p>\n<ul>\n<li>Raftopoulos, M., and Hamari, J., (2024) (upcoming). Organizational Challenges in Adoption and Implementation of Artificial Intelligence. Hawaii International Conference on System Sciences (HICSS) 2024, Waikiki, Hawaii, USA.<\/li>\n<li>Raftopoulos, M. (2023). Augmented Humans: Provocations for collaborative AI system design. In Proceedings of the 26th International Academic Mindtrek Conference (Academic Mindtrek \u201923). Association for Computing Machinery, New York, NY, USA.<\/li>\n<li>Hylving, L., Koutsikouri, D., Ngwenyama, O., Raftopoulos, M., Rowe, F., and Tona, O. (2023) \u201cHuman Flourshing in the Digital Era \u2013 What Responsibility Does\/Should Research(ers) Have?\u201d ECIS 2023 Panels. 3.\u00a0<a class=\"c-link\" href=\"https:\/\/aisel.aisnet.org\/ecis2023_panels\/3\" target=\"_blank\" rel=\"noopener noreferrer\" data-stringify-link=\"https:\/\/aisel.aisnet.org\/ecis2023_panels\/3\" data-sk=\"tooltip_parent\">https:\/\/aisel.aisnet.org\/ecis2023_panels\/3<\/a><\/li>\n<li>Raftopoulos, M., and Hamari, J., 2023. Artificial Intelligence in the Workplace: Implementation Challenges and Opportunities. <em>The Americas&#8217; Conference on Information Systems<\/em>\u00a0(<em>AMCIS)<\/em><em> 202<\/em><em>3, Panama City, Panama<\/em> (upcoming)<\/li>\n<li>Raftopoulos, M., and Hamari, J., 2023. Human-AI Collaboration in Organizations: A Literature Review on Enabling Value Creation. <em>The <\/em><em>European<\/em><em> Conference on Information Systems\u00a0<\/em>(<em>ECIS<\/em><em>)<\/em><em> 202<\/em><em>3 <\/em><em>Research Papers<\/em>. <em>Kristiansand, Norway <\/em>(upcoming)<\/li>\n<li>Jacobs, M., &amp; Raftopoulos, M. (Eds.) (2021). <em>Special Issue<\/em><em>:<\/em><em> Games in a Brave New World: The Role of Immersive Playful Environments in Re-Inventing the Future of Work and Re-Imagining Organisations<\/em>. International Journal of Gaming and Computer-Mediated Simulations (IJGCMS), 13(4), 1-13. <a href=\"http:\/\/doi.org\/10.4018\/IJGCMS.291537\">http:\/\/doi.org\/10.4018\/IJGCMS.291537<\/a><\/li>\n<li>Raftopoulos, M. (2020), <em>Has gamification failed, or failed to evolve? Lessons from the frontline in information systems applications<\/em>, GamiFIN Conference 2020, Levi, Finland, April 1-3, 2020. (Won Best Conference Paper Award)<\/li>\n<li>Raftopoulos, M. (2020), <em>PRI-Mate: Replicating Human Creative Intelligence for Transhuman Children (extended abstract)<\/em> in Buruk, O. O., \u00d6zcan, O., Elif Baykal, G., G\u00f6ksun, T., Acar, S., Akduman, G., &#8230; &amp; U\u011fur Gen\u00e7, H. (2020). Children in 2077: Designing Children\u2019s Technologies in the Age of Transhumanism, Extended Abstracts of the 2020 CHI Conference on Human Factors in Computing Systems.<\/li>\n<li>Raftopoulos, M. (2017), Data-Driven Gamification Design: An Enterprise Systems Perspective from the Front Line. In: M. Meder, A. Rapp, T. Plumbaum, and F. Hopfgartner (eds.): Proceedings of the Data-Driven Gamification Design Workshop, Tampere, Finland, 20-September-2017, published at\u00a0<a href=\"http:\/\/ceur-ws.org\">http:\/\/ceur-ws.org<\/a><\/li>\n<li>Raftopoulos, M. (2016),\u00a0<em>How Organisations Play: Creating Stakeholder Value with Enterprise Gamification<\/em>,\u00a0Doctor of Philosophy (PhD),\u00a0Media and Communication,\u00a0RMIT University <strong>(THESIS)<\/strong><\/li>\n<li>Raftopoulos, M., Walz, S., and Greuter, S. (2015), <em>How enterprises play: Towards a taxonomy for enterprise gamification<\/em>. In Proceedings of DiGRA 2015, Luneburg, Germany.<\/li>\n<li>Raftopoulos, M., and Walz, S. (2015), <em>It\u2019s Complicated: The Ethics of Gamified Labor<\/em>. In proceedings of CHI 2015 Workshop: Researching Gamification: Strategies, Opportunities, Challenges and Ethics Collected Papers, Seoul, South Korea.<\/li>\n<li>Raftopoulos, M. (2015), <em>Playful card-based tools for gamification design<\/em>. In <a href=\"http:\/\/www.ozchi.org\/2015\/\">Oz CHI &#8217;15<\/a>\u00a0proceedings of the Annual Meeting of the Australian Special Interest Group for Computer Human Interaction (109-113), ACM, New York.<\/li>\n<li>Raftopoulos, M. (2014), Towards gamification transparency: A conceptual framework for the development of responsible gamified enterprise systems. <em>Journal of Gaming and Virtual Worlds<\/em>,\u00a06(2).<\/li>\n<li>Raftopoulos, M., and Walz, S. (2013), <em>Designing events as gameful and playful experiences<\/em>. In\u00a0Designing Gamification: Creating Gameful and Playful Experiences Workshop (1-5), CHI, 2013\u00a0(pp. 1-5). Association for Computing Machinery.<\/li>\n<\/ul>\n[\/vc_column_text][\/vc_column][\/vc_row][vc_row row_type=&#8221;row&#8221; use_row_as_full_screen_section=&#8221;no&#8221; type=&#8221;full_width&#8221; text_align=&#8221;left&#8221; background_animation=&#8221;none&#8221; css_animation=&#8221;&#8221;][vc_column][vc_empty_space][\/vc_column][\/vc_row]\n<\/div>","protected":false},"excerpt":{"rendered":"<p>[vc_row row_type=&#8221;row&#8221; use_row_as_full_screen_section=&#8221;no&#8221; type=&#8221;full_width&#8221; text_align=&#8221;left&#8221; background_animation=&#8221;none&#8221; css_animation=&#8221;&#8221;][vc_column][vc_column_text] Marigo Raftopoulos [\/vc_column_text][vc_empty_space height=&#8221;48px&#8221;][\/vc_column][\/vc_row][vc_row row_type=&#8221;row&#8221; use_row_as_full_screen_section=&#8221;no&#8221; type=&#8221;full_width&#8221; text_align=&#8221;left&#8221; background_animation=&#8221;none&#8221; padding_bottom=&#8221;80&#8243; css_animation=&#8221;&#8221;][vc_column width=&#8221;1\/4&#8243;][vc_column_text] Contact Information &nbsp; Email: marigo.raftopoulos@tuni.fi &nbsp; \u00a0 [\/vc_column_text][vc_empty_space][\/vc_column][vc_column width=&#8221;3\/4&#8243;][vc_column_text] Dr. Marigo Raftopoulos is a Postdoctoral Research Fellow at Tampere University and is a member of the&#8230;<\/p>\n","protected":false},"author":1,"featured_media":0,"parent":8,"menu_order":0,"comment_status":"closed","ping_status":"closed","template":"","meta":{"footnotes":""},"_links":{"self":[{"href":"https:\/\/webpages.tuni.fi\/gamification\/wp-json\/wp\/v2\/pages\/2845"}],"collection":[{"href":"https:\/\/webpages.tuni.fi\/gamification\/wp-json\/wp\/v2\/pages"}],"about":[{"href":"https:\/\/webpages.tuni.fi\/gamification\/wp-json\/wp\/v2\/types\/page"}],"author":[{"embeddable":true,"href":"https:\/\/webpages.tuni.fi\/gamification\/wp-json\/wp\/v2\/users\/1"}],"replies":[{"embeddable":true,"href":"https:\/\/webpages.tuni.fi\/gamification\/wp-json\/wp\/v2\/comments?post=2845"}],"version-history":[{"count":8,"href":"https:\/\/webpages.tuni.fi\/gamification\/wp-json\/wp\/v2\/pages\/2845\/revisions"}],"predecessor-version":[{"id":10724,"href":"https:\/\/webpages.tuni.fi\/gamification\/wp-json\/wp\/v2\/pages\/2845\/revisions\/10724"}],"up":[{"embeddable":true,"href":"https:\/\/webpages.tuni.fi\/gamification\/wp-json\/wp\/v2\/pages\/8"}],"wp:attachment":[{"href":"https:\/\/webpages.tuni.fi\/gamification\/wp-json\/wp\/v2\/media?parent=2845"}],"curies":[{"name":"wp","href":"https:\/\/api.w.org\/{rel}","templated":true}]}}