{"id":1012,"date":"2019-02-08T16:51:11","date_gmt":"2019-02-08T14:51:11","guid":{"rendered":"https:\/\/webpages.tuni.fi\/gamification\/?page_id=1012"},"modified":"2019-02-08T16:51:11","modified_gmt":"2019-02-08T14:51:11","slug":"events-and-presentations","status":"publish","type":"page","link":"https:\/\/webpages.tuni.fi\/gamification\/projects\/reclaim\/events-and-presentations\/","title":{"rendered":"Events and presentations"},"content":{"rendered":"<div class=\"wpb-content-wrapper\">[vc_row row_type=&#8221;row&#8221; use_row_as_full_screen_section=&#8221;no&#8221; type=&#8221;full_width&#8221; text_align=&#8221;left&#8221; background_animation=&#8221;none&#8221; css_animation=&#8221;&#8221;][vc_column][vc_empty_space height=&#8221;85px&#8221;][vc_column_text]<a href=\"http:\/\/urban-play.eu\"><img loading=\"lazy\" decoding=\"async\" class=\"aligncenter wp-image-719 size-large\" src=\"https:\/\/webpages.tuni.fi\/gamification\/wp-content\/uploads\/2018\/11\/Logo-reclaim-ombrazzurra-re-nero-claim-graffito-HQ-1024x407.jpg\" alt=\"\" width=\"1024\" height=\"407\" \/><\/a>[\/vc_column_text][\/vc_column][\/vc_row][vc_row row_type=&#8221;row&#8221; use_row_as_full_screen_section=&#8221;no&#8221; type=&#8221;full_width&#8221; text_align=&#8221;left&#8221; background_animation=&#8221;none&#8221; css_animation=&#8221;&#8221;][vc_column][vc_empty_space][vc_column_text]\n<h2 style=\"text-align: center;\"><span class=\"_4yxo\">ReClaim \u2013 Urban Gamification for City Reappropriations<\/span><\/h2>\n[\/vc_column_text][vc_separator type=&#8221;normal&#8221; color=&#8221;#000000&#8243; border_style=&#8221;&#8221;][\/vc_column][\/vc_row][vc_row row_type=&#8221;row&#8221; use_row_as_full_screen_section=&#8221;no&#8221; type=&#8221;full_width&#8221; text_align=&#8221;left&#8221; background_animation=&#8221;none&#8221; css_animation=&#8221;&#8221;][vc_column width=&#8221;1\/4&#8243; css=&#8221;.vc_custom_1549635479029{padding-left: 20px !important;background-color: #e0e0e0 !important;}&#8221;][vc_column_text css=&#8221;.vc_custom_1549647675628{padding-left: 24px !important;}&#8221;]\n<h4>Research is useless if we do not disseminate it. That&#8217;s why ReClaim is committed to sharing its results with fellow researchers, with students and with society at large at every possible occasion!<strong><br \/>\n<\/strong><\/h4>\n[\/vc_column_text][vc_empty_space height=&#8221;160px&#8221;][\/vc_column][vc_column width=&#8221;1\/2&#8243;][qode_elements_holder number_of_columns=&#8221;one_column&#8221;][qode_elements_holder_item item_padding_600_768=&#8221;20px 20px 0px 20px&#8221; item_padding_480_600=&#8221;20px 20px 0px 20px&#8221; item_padding_480=&#8221;20px 20px 0px 20px&#8221;][vc_empty_space][vc_column_text]\n<h2><strong>Presentations, lectures, workshops, events<br \/>\n<\/strong><\/h2>\n[\/vc_column_text][vc_empty_space][vc_column_text]\n<h4><strong>Courses (1):<\/strong><\/h4>\n<p>2020 (January-March) Course: <a href=\"https:\/\/www.tut.fi\/opinto-opas\/wwwoppaat\/opas2019-2020\/kv\/aineryhmat\/Ohjelmistotekniikka\/TIE-40306-1.html\">TIE-40306<\/a> Gamification: A Walkthrough of How Games Are Shaping Our Lives, with Mila Buji\u0107, Tampere University, Finland.<\/p>\n<p>&nbsp;<\/p>\n<h4><strong>Keynotes (3):<br \/>\n<\/strong><\/h4>\n<p>2020 (November 21st) \u201cGamification and Cultural Impact\u201d Keynote at the Game of Cities: Culture, Participation, Democracy organized by UrbCulturalPlanning, Gdansk (online).<\/p>\n<p>&nbsp;<\/p>\n<p>2019 (September 25-25<sup>th<\/sup>) &#8220;\u201cUrban Toyfication\u201d Keynote lecture at the I Col\u00f3quio de Pesquisas em&#8221; I Col\u00f3quio de Pesquisas em Semi\u00f3tica Visual e Multimodalidade (CPSM), Jo\u00e3o Pessoa, Brazil.<\/p>\n<p>&nbsp;<\/p>\n<p>2019 (July 5<sup>th<\/sup>) &#8220;ReClaim \u2013 critical design and punk gamification in the urban environment&#8221; Keynote lecture Gamification &amp; Serious Game Symposium\u00a0&#8212; GSGS\u201919, Neuch\u00e2tel, Switzerland.<\/p>\n<p>&nbsp;<\/p>\n<h4><strong>Conferences and Lectures (31):<br \/>\n<\/strong><\/h4>\n<p>2020 (November 13th) \u201cCinema, gioco, intertestualit\u00e0\u201d (with Gianmarco Giuliana), lecture in the Course \u201cCinema e comunicazione audiovisiva\u201d by Bruno Surace, University of Turin, Italy.<\/p>\n<p>&nbsp;<\/p>\n<p>2020 (November 10th) \u201cGioco e Spazialit\u00e0\u201d at the Symposium <em>CIRCe Linee di Ricerca sulla Comunicazione<\/em>; online.<\/p>\n<p>&nbsp;<\/p>\n<p>2020 (October 31st) \u201cLa Citt\u00e0 in Gioco -. Riappropriarsi e Rigenerare gli spazi urbani\u201d, Starurday Morning Live, Collegio Einaudi, Turin, Italy.<\/p>\n<p>&nbsp;<\/p>\n<p>2020 (October 29th) \u201cJurassic Tampere &amp; Urban Toyification\u201d at the Gamification and Serious Games Symposium GSGS20, online conference.<\/p>\n<p>&nbsp;<\/p>\n<p>2020 (October 8th) \u201cFrom Critical Design to Critical Semiotics\u201d, in the advanced graduate seminar<em>\u6279\u5224\u6027\u7b26\u53f7\u5b66\uff1a\u4ece\u7b26\u53f7\u5230\u610f<\/em><em>\u8bc6\u5f62\u6001<\/em> (Critical Semiotics: From Sign to Ideology) by Prof Massimo Leone, Shanghai University.<\/p>\n<p>&nbsp;<\/p>\n<p>2020 (October 3rd) \u201cTekhla \u2013 The Production of Space in a Transurban city\u201d, With O\u011fuz \u201cOz\u201d Buruk and Seda Suman Buruk, at Tirana Architecture Weeks; Online.<\/p>\n<p>&nbsp;<\/p>\n<p>2020 (July 23rd) \u201cTransurbanismo y Movilidad\u201d, Next Imaginar el Postpresente, Universidad Cat\u00f3lica Andr\u00e9s Bello ans Fundacion Telefonica Mobustar, Venezuela; Online conference.<\/p>\n<p>&nbsp;<\/p>\n<p>2020 (April) Imagine a playful city Board game based expert interviews\u201d, Board Game Studies Colloquium XXIII, Paris, France [Cancelled due to the COVID 19 pandemic]\n<p>&nbsp;<\/p>\n<p>2020 (June 2nd ) \u201cROOK Urban Play and Data Visualization\u201d, with Artur Vasconcelos Cordeiro and Martijn de Waal at DiGRA 2020, Tampere, Finland [Cancelled due to the COVID 19 pandemic]\n<p>&nbsp;<\/p>\n<p>2020 (April 24<sup>th<\/sup>) <span dir=\"auto\">Digital ekphrasis &amp; augmented faces in the transurban<\/span> with O\u011fuz \u201cOz\u201d Buruk, Deep Facets, Meetings on Meaning 2019-2020, Turin University, Italy.<\/p>\n<p>&nbsp;<\/p>\n<p>2020 (April 2nd) \u201cStrategies of Urban Toyification\u201d Lighting Session of GamiFIN2020 online conference.<\/p>\n<p>&nbsp;<\/p>\n<p>2020 (January 28<sup>th<\/sup>) Read by the City: Digital Transurbanism and Facial Recognition, with O\u011fuz \u201cOz\u201d Buruk, at the &#8220;Transhuman Visages Artificial Faces in Arts, Science, and Society&#8221; international conference, Warsaw, Poland.<\/p>\n<p>&nbsp;<\/p>\n<p>2019 (Septeber 27<sup>th<\/sup>-October 2<sup>nd<\/sup>) &#8220;Patrimonio culturale nelle citt\u00e0 dei videogiochi: nuove forme di turismo e vecchi stereotipi nella serie Assassin&#8217;s Creed&#8221; <span lang=\"it\">Istituto Cultural <span class=\"markvc91y0z9q\" data-markjs=\"true\" data-ogac=\"\" data-ogab=\"\" data-ogsc=\"\" data-ogsb=\"\">Italo<\/span> <span class=\"markoqb25v8yu\" data-markjs=\"true\" data-ogac=\"\" data-ogab=\"\" data-ogsc=\"\" data-ogsb=\"\">Brasileiro<\/span> &#8211; ICIB, S\u00e3o Paulo, Brazil.<\/span><\/p>\n<p>&nbsp;<\/p>\n<p>2019 (September 28<sup>th<\/sup>) &#8220;M\u00eddia Arquitetura e Gamifica\u00e7\u00e3o Urbana&#8221;, with Rodrigo Felicissmo at the Centro de Pesquisa e Forma\u00e7\u00e3o SESC, S\u00e3o Paulo, Brazil.<\/p>\n<p>&nbsp;<\/p>\n<p>2019 (September 14<sup>th<\/sup>) &#8220;Thinking with objects. A semiotic approach to critical and speculative design&#8221; XIV World Congress of Semiotics, Buenos Aires, Argentina.<\/p>\n<p>&nbsp;<\/p>\n<p>2019 (September 10<sup>th<\/sup>) &#8220;Enunciating city spaces: performativity and urban semiotics&#8221; XIV World Congress of Semiotics, Buenos Aires, Argentina.<\/p>\n<p>&nbsp;<\/p>\n<p><span class=\"ITWTqi_23IoOPmK3O6ErT\">2<\/span><span class=\"ITWTqi_23IoOPmK3O6ErT\">019 (September 5th) &#8220;\u201cCiudades ficticias\u201d at the XI Congreso Internacional Chileno de &#8221; XI Congreso Internacional Chileno de Semi\u00f3tica, Santiago, Chile.<\/span><\/p>\n<p>&nbsp;<\/p>\n<p><span class=\"ITWTqi_23IoOPmK3O6ErT\">2019 (September 4<sup>th<\/sup>) &#8220;\u201cEl derecho (de escribir) la ciudad\u201d at the XI Congreso Internacional&#8221; XI Congreso Internacional Chileno de Semi\u00f3tica, Santiago, Chile.<\/span><\/p>\n<p>&nbsp;<\/p>\n<p>2019 (June 17<sup>th<\/sup>) &#8220;Was it worth it? Experiences on the proposal writing process by a successful MSCA-IF Fellow&#8221; Tampere Univiesity&#8217;s Marie Sklodowska Curie Action Individual Fellowship Master Class.<\/p>\n<p>&nbsp;<\/p>\n<p>2019 (May 7-10<sup>th<\/sup>) &#8220;Urban Boardgames: from representation to urban planning&#8221; Board Games Studies Colloquium, Bologna, Italy.<\/p>\n<p>&nbsp;<\/p>\n<p>2019 (April 15-16<sup>th<\/sup>) &#8220;Critical Urban Play&#8221; with Lobna Hassan, at <em>Urban Play<\/em>, the 15th Game Research Lab Spring Seminar, Tampere University, Finland.<\/p>\n<p>&nbsp;<\/p>\n<p>2019 (April 8-10<sup>th<\/sup>) &#8220;Punk Gamification&#8221;, at GamiFIN 2019, Levi, Finland.<\/p>\n<p>&nbsp;<\/p>\n<p>2019 (March 21<sup>st<\/sup>) &#8220;Unweaving the <span class=\"il\">urban<\/span> fabric, perspectives on semiotics of the city&#8221; Invited lecture at Palacky University Olomouc, Czech Republic.<\/p>\n<p>&nbsp;<\/p>\n<p>2019 (February 08<sup>th<\/sup>) \u201cAround gamification: play, playfulness and the ludicisation of culture\u201d Invited lecture given at Jonna Koivisto and Juho Hamari\u2019s course <em>Gamification: A Walkthrough of How Games Are Shaping Our Lives <\/em>(TIE-40306), Tampere University, Finland.<\/p>\n<p>&nbsp;<\/p>\n<p>2019 (February 1<sup>st<\/sup>) Organizer (with Dale Leorke) of a workshop dedicated to urban play for the Journalism Course project by Elina Paasonen in collaboration with public broadcaster Yli and the Aamuletti newspaper<\/p>\n<p>&nbsp;<\/p>\n<p>2019 (January 31<sup>st<\/sup>) \u201cUrban gamification: the playful reinterpretation of city spaces\u201d Invited lecture given at the seminar Experiential approaches in documenting and mapping the urban, Helsinki University, Finland.<\/p>\n<p>&nbsp;<\/p>\n<p>2019 (January 30<sup>th<\/sup>) \u201cGame apologists and the dark side of play\u201d Lecture given at the seminar <em>Complication play<\/em>, Centre of Excellence in Game Culture Studies, Jyv\u00e4skyl\u00e4, Finland.<\/p>\n<p>&nbsp;<\/p>\n<p>2019 (January 10<sup>th<\/sup>) (2019) \u201cTowards a Typology of Urban Gamification\u201d 52<sup>nd<\/sup> HICSS Conference, Wailea, Hawaii.<\/p>\n<p>&nbsp;<\/p>\n<p>2018 (November 12<sup>th<\/sup>) \u201cA semiotic approach to urban gamification\u201d Lecture given in the weekly seminars of Prof. Eero Tarasti, Helsinki University, Finland.<\/p>\n<p>&nbsp;<\/p>\n<p>2018 (October 24<sup>th<\/sup>) \u201cRe-interpreting cities with play. Urban semiotics and gamification\u201d, Playable Cities Workshop, ArtsIT Conference, Braga, Portugal.<\/p>\n<p>&nbsp;<\/p>\n<p>2018 (September 26<sup>th<\/sup>) \u201cTaming play. Experiments and ideologies of gamification form US, EU and China\u201d, International Symposium \u201cContemporary Arts in China \u2013 A Comparative Semiotic Overview\u201d, at Shanghai University, China.[\/vc_column_text][vc_empty_space height=&#8221;100px&#8221;][\/qode_elements_holder_item][\/qode_elements_holder][vc_column_inner width=&#8221;1\/4&#8243;][\/vc_column_inner][\/vc_column][vc_column width=&#8221;1\/4&#8243; css=&#8221;.vc_custom_1549635860643{background-color: #e0e0e0 !important;}&#8221;][qode_elements_holder number_of_columns=&#8221;one_column&#8221;][qode_elements_holder_item]<a href=\"https:\/\/www.facebook.com\/UrbanGamification\/\" target=\"_blank\" data-hover-background-color=#ffffff data-hover-border-color=#000000 data-hover-color=#264c99 class=\"qbutton  qbutton_with_icon\" style=\"color: #ffffff; border-color: #000000; border-radius: 4px;-moz-border-radius: 4px;-webkit-border-radius: 4px; background-color: #264c99;\">Follow ReClaim<i class=\"button_icon  fa fa-facebook\" style=\"\"><\/i><\/a>[vc_empty_space height=&#8221;12px&#8221;]<a href=\"https:\/\/webpages.tuni.fi\/gamification\/projects\/reclaim\/about-reclaim\/\" target=\"_self\" data-hover-background-color=#ffffff data-hover-border-color=#000000 data-hover-color=#264c99 class=\"qbutton  qbutton_with_icon\" style=\"color: #ffffff; border-color: #000000; border-radius: 4px;-moz-border-radius: 4px;-webkit-border-radius: 4px; background-color: #264c99;\">More Info<i class=\"button_icon  fa fa-info\" style=\"\"><\/i><\/a>[vc_empty_space height=&#8221;12px&#8221;]<a href=\"https:\/\/webpages.tuni.fi\/gamification\/projects\/reclaim\/publications\/\" target=\"_self\" data-hover-background-color=#ffffff data-hover-border-color=#000000 data-hover-color=#264c99 class=\"qbutton  qbutton_with_icon\" style=\"color: #ffffff; border-color: #000000; border-radius: 4px;-moz-border-radius: 4px;-webkit-border-radius: 4px; background-color: #264c99;\">Publications<i class=\"button_icon  fa fa-folder-open\" style=\"\"><\/i><\/a>[vc_empty_space height=&#8221;12px&#8221;]<a href=\"https:\/\/webpages.tuni.fi\/gamification\/projects\/reclaim\/\" target=\"_self\"  class=\"qbutton  qbutton_with_icon\" style=\"border-radius: 4px;-moz-border-radius: 4px;-webkit-border-radius: 4px; \">HOME<i class=\"button_icon  fa fa-home\" style=\"\"><\/i><\/a>[vc_empty_space height=&#8221;12px&#8221;]<a href=\"https:\/\/cordis.europa.eu\/project\/rcn\/215207\/factsheet\/en\" target=\"_blank\" data-hover-background-color=#ffffff data-hover-border-color=#000000 data-hover-color=#264c99 class=\"qbutton  qbutton_with_icon\" style=\"color: #ffffff; border-color: #000000; border-radius: 4px;-moz-border-radius: 4px;-webkit-border-radius: 4px; background-color: #264c99;\">CORDIS<i class=\"button_icon  fa fa-star\" style=\"\"><\/i><\/a>[vc_empty_space height=&#8221;85px&#8221;][\/qode_elements_holder_item][\/qode_elements_holder][\/vc_column][\/vc_row][vc_row row_type=&#8221;row&#8221; use_row_as_full_screen_section=&#8221;no&#8221; type=&#8221;full_width&#8221; text_align=&#8221;left&#8221; background_animation=&#8221;none&#8221; css_animation=&#8221;&#8221; css=&#8221;.vc_custom_1549618131634{background-color: #e0e0e0 !important;}&#8221;][vc_column width=&#8221;1\/3&#8243;][vc_empty_space height=&#8221;64px&#8221;][vc_single_image image=&#8221;18&#8243; img_size=&#8221;medium&#8221; alignment=&#8221;center&#8221; qode_css_animation=&#8221;&#8221;][\/vc_column][vc_column width=&#8221;1\/3&#8243;][vc_empty_space][vc_column_text]<img loading=\"lazy\" decoding=\"async\" class=\"wp-image-734 aligncenter\" src=\"https:\/\/webpages.tuni.fi\/gamification\/wp-content\/uploads\/2018\/11\/Flag_of_Europe-300x200.jpg\" alt=\"\" width=\"143\" height=\"95\" \/><\/p>\n<p style=\"text-align: center;\">This project has received funding from the European Union\u2019s Horizon 2020 research and innovation programme under the Marie Sklodowska-Curie<br \/>\ngrant agreement No 793835.<\/p>\n[\/vc_column_text][vc_empty_space][\/vc_column][vc_column width=&#8221;1\/3&#8243;][vc_empty_space height=&#8221;72px&#8221;][vc_single_image image=&#8221;824&#8243; img_size=&#8221;medium&#8221; alignment=&#8221;center&#8221; qode_css_animation=&#8221;&#8221;][\/vc_column][\/vc_row]\n<\/div>","protected":false},"excerpt":{"rendered":"<p>[vc_row row_type=&#8221;row&#8221; use_row_as_full_screen_section=&#8221;no&#8221; type=&#8221;full_width&#8221; text_align=&#8221;left&#8221; background_animation=&#8221;none&#8221; css_animation=&#8221;&#8221;][vc_column][vc_empty_space height=&#8221;85px&#8221;][vc_column_text][\/vc_column_text][\/vc_column][\/vc_row][vc_row row_type=&#8221;row&#8221; use_row_as_full_screen_section=&#8221;no&#8221; type=&#8221;full_width&#8221; text_align=&#8221;left&#8221; background_animation=&#8221;none&#8221; css_animation=&#8221;&#8221;][vc_column][vc_empty_space][vc_column_text] ReClaim \u2013 Urban Gamification for City Reappropriations [\/vc_column_text][vc_separator type=&#8221;normal&#8221; color=&#8221;#000000&#8243; border_style=&#8221;&#8221;][\/vc_column][\/vc_row][vc_row row_type=&#8221;row&#8221; use_row_as_full_screen_section=&#8221;no&#8221; type=&#8221;full_width&#8221; text_align=&#8221;left&#8221; background_animation=&#8221;none&#8221; css_animation=&#8221;&#8221;][vc_column width=&#8221;1\/4&#8243; css=&#8221;.vc_custom_1549635479029{padding-left: 20px !important;background-color: #e0e0e0 !important;}&#8221;][vc_column_text css=&#8221;.vc_custom_1549647675628{padding-left: 24px !important;}&#8221;] Research is useless if we&#8230;<\/p>\n","protected":false},"author":9,"featured_media":0,"parent":715,"menu_order":0,"comment_status":"closed","ping_status":"closed","template":"full_width.php","meta":{"footnotes":""},"_links":{"self":[{"href":"https:\/\/webpages.tuni.fi\/gamification\/wp-json\/wp\/v2\/pages\/1012"}],"collection":[{"href":"https:\/\/webpages.tuni.fi\/gamification\/wp-json\/wp\/v2\/pages"}],"about":[{"href":"https:\/\/webpages.tuni.fi\/gamification\/wp-json\/wp\/v2\/types\/page"}],"author":[{"embeddable":true,"href":"https:\/\/webpages.tuni.fi\/gamification\/wp-json\/wp\/v2\/users\/9"}],"replies":[{"embeddable":true,"href":"https:\/\/webpages.tuni.fi\/gamification\/wp-json\/wp\/v2\/comments?post=1012"}],"version-history":[{"count":0,"href":"https:\/\/webpages.tuni.fi\/gamification\/wp-json\/wp\/v2\/pages\/1012\/revisions"}],"up":[{"embeddable":true,"href":"https:\/\/webpages.tuni.fi\/gamification\/wp-json\/wp\/v2\/pages\/715"}],"wp:attachment":[{"href":"https:\/\/webpages.tuni.fi\/gamification\/wp-json\/wp\/v2\/media?parent=1012"}],"curies":[{"name":"wp","href":"https:\/\/api.w.org\/{rel}","templated":true}]}}